Last updated on 2025-02-01 12:48:23 CET.
Flavor | Version | Tinstall | Tcheck | Ttotal | Status | Flags |
---|---|---|---|---|---|---|
r-devel-linux-x86_64-debian-clang | 0.3.5 | 4.11 | 36.83 | 40.94 | NOTE | |
r-devel-linux-x86_64-debian-gcc | 0.3.5 | 2.92 | 28.37 | 31.29 | NOTE | |
r-devel-linux-x86_64-fedora-clang | 0.3.5 | 72.77 | OK | |||
r-devel-linux-x86_64-fedora-gcc | 0.3.5 | 77.14 | OK | |||
r-devel-windows-x86_64 | 0.3.5 | 7.00 | 57.00 | 64.00 | NOTE | |
r-patched-linux-x86_64 | 0.3.5 | 7.50 | 35.57 | 43.07 | OK | |
r-release-linux-x86_64 | 0.3.5 | 4.25 | 35.49 | 39.74 | OK | |
r-release-macos-arm64 | 0.3.5 | 30.00 | OK | |||
r-release-macos-x86_64 | 0.3.5 | 49.00 | OK | |||
r-release-windows-x86_64 | 0.3.5 | 7.00 | 58.00 | 65.00 | OK | |
r-oldrel-macos-arm64 | 0.3.5 | 28.00 | OK | |||
r-oldrel-macos-x86_64 | 0.3.5 | 61.00 | OK | |||
r-oldrel-windows-x86_64 | 0.3.5 | 7.00 | 63.00 | 70.00 | OK |
Version: 0.3.5
Check: Rd cross-references
Result: NOTE
Found the following Rd file(s) with Rd \link{} targets missing package
anchors:
create_codemeta.Rd: write_json
write_codemeta.Rd: write_json
Please provide package anchors for all Rd \link{} targets not in the
package itself and the base packages.
Flavors: r-devel-linux-x86_64-debian-clang, r-devel-linux-x86_64-debian-gcc, r-devel-windows-x86_64