Last updated on 2025-05-11 12:50:15 CEST.
Flavor | Version | Tinstall | Tcheck | Ttotal | Status | Flags |
---|---|---|---|---|---|---|
r-devel-linux-x86_64-debian-clang | 0.4-4 | 10.48 | 87.05 | 97.53 | NOTE | |
r-devel-linux-x86_64-debian-gcc | 0.4-4 | 7.58 | 63.64 | 71.22 | NOTE | |
r-devel-linux-x86_64-fedora-clang | 0.4-4 | 152.61 | OK | |||
r-devel-linux-x86_64-fedora-gcc | 0.4-4 | 157.56 | OK | |||
r-devel-windows-x86_64 | 0.4-4 | 13.00 | 128.00 | 141.00 | OK | |
r-patched-linux-x86_64 | 0.4-4 | 9.89 | 83.11 | 93.00 | OK | |
r-release-linux-x86_64 | 0.4-4 | 9.66 | 83.49 | 93.15 | OK | |
r-release-macos-arm64 | 0.4-4 | 63.00 | OK | |||
r-release-macos-x86_64 | 0.4-4 | 110.00 | OK | |||
r-release-windows-x86_64 | 0.4-4 | 13.00 | 127.00 | 140.00 | OK | |
r-oldrel-macos-arm64 | 0.4-4 | 53.00 | OK | |||
r-oldrel-macos-x86_64 | 0.4-4 | 84.00 | OK | |||
r-oldrel-windows-x86_64 | 0.4-4 | 16.00 | 141.00 | 157.00 | OK |
Version: 0.4-4
Check: CRAN incoming feasibility
Result: NOTE
Maintainer: ‘Emmanuel Paradis <Emmanuel.Paradis@ird.fr>’
Package CITATION file contains call(s) to old-style personList() or
as.personList(). Please use c() on person objects instead.
Package CITATION file contains call(s) to old-style citEntry(). Please
use bibentry() instead.
Flavors: r-devel-linux-x86_64-debian-clang, r-devel-linux-x86_64-debian-gcc