Last updated on 2023-10-05 04:01:42 CEST.
Flavor | Version | Tinstall | Tcheck | Ttotal | Status | Flags |
---|---|---|---|---|---|---|
r-devel-linux-x86_64-debian-clang | 0.7.1 | 174.97 | 123.92 | 298.89 | NOTE | |
r-devel-linux-x86_64-debian-gcc | 0.7.1 | 139.42 | 89.73 | 229.15 | NOTE | |
r-devel-linux-x86_64-fedora-clang | 0.7.1 | 453.87 | NOTE | |||
r-devel-linux-x86_64-fedora-gcc | 0.7.1 | 455.82 | NOTE | |||
r-devel-windows-x86_64 | 0.7.1 | 138.00 | 138.00 | 276.00 | NOTE | |
r-patched-linux-x86_64 | 0.7.1 | 190.33 | 133.71 | 324.04 | NOTE | |
r-release-linux-x86_64 | 0.7.1 | 184.27 | 133.39 | 317.66 | NOTE | |
r-release-macos-arm64 | 0.7.1 | 129.00 | NOTE | |||
r-release-macos-x86_64 | 0.7.1 | 199.00 | NOTE | |||
r-release-windows-x86_64 | 0.7.1 | 178.00 | 178.00 | 356.00 | NOTE | |
r-oldrel-macos-arm64 | 0.7.1 | 106.00 | NOTE | |||
r-oldrel-macos-x86_64 | 0.7.1 | 135.00 | NOTE | |||
r-oldrel-windows-x86_64 | 0.7.1 | 173.00 | 165.00 | 338.00 | NOTE |
Version: 0.7.1
Check: package dependencies
Result: NOTE
Package suggested but not available for checking: ‘PopGenome’
Flavors: r-devel-linux-x86_64-debian-clang, r-devel-linux-x86_64-debian-gcc, r-devel-linux-x86_64-fedora-clang, r-devel-linux-x86_64-fedora-gcc, r-devel-windows-x86_64, r-patched-linux-x86_64, r-release-linux-x86_64, r-release-macos-arm64, r-release-macos-x86_64, r-release-windows-x86_64, r-oldrel-windows-x86_64
Version: 0.7.1
Check: Rd \usage sections
Result: NOTE
Documented arguments not in \usage in documentation object 'feat_sample':
‘locus_group’
Functions with \usage entries need to have the appropriate \alias
entries, and all their arguments documented.
The \usage entries must correspond to syntactically valid R code.
See chapter ‘Writing R documentation files’ in the ‘Writing R
Extensions’ manual.
Flavors: r-devel-linux-x86_64-debian-clang, r-devel-linux-x86_64-debian-gcc, r-devel-linux-x86_64-fedora-clang, r-devel-linux-x86_64-fedora-gcc, r-devel-windows-x86_64
Version: 0.7.1
Check: installed package size
Result: NOTE
installed size is 6.5Mb
sub-directories of 1Mb or more:
R 2.0Mb
libs 3.8Mb
Flavors: r-release-macos-arm64, r-release-macos-x86_64, r-oldrel-macos-arm64, r-oldrel-macos-x86_64