CRAN Package Check Results for Package cnum

Last updated on 2022-05-28 07:05:49 CEST.

Flavor Version Tinstall Tcheck Ttotal Status Flags
r-devel-linux-x86_64-debian-clang 0.1.3 39.78 40.67 80.45 NOTE
r-devel-linux-x86_64-debian-gcc 0.1.3 37.03 31.47 68.50 NOTE
r-devel-linux-x86_64-fedora-clang 0.1.3 109.86 NOTE
r-devel-linux-x86_64-fedora-gcc 0.1.3 111.41 NOTE
r-devel-windows-x86_64 0.1.3 45.00 80.00 125.00 NOTE
r-patched-linux-x86_64 0.1.3 38.63 39.21 77.84 NOTE
r-release-linux-x86_64 0.1.3 39.35 38.48 77.83 NOTE
r-release-macos-arm64 0.1.3 28.00 NOTE
r-release-macos-x86_64 0.1.3 38.00 NOTE
r-release-windows-x86_64 0.1.3 45.00 88.00 133.00 NOTE
r-oldrel-macos-arm64 0.1.3 33.00 NOTE
r-oldrel-macos-x86_64 0.1.3 61.00 NOTE
r-oldrel-windows-ix86+x86_64 0.1.3 105.00 79.00 184.00 NOTE

Check Details

Version: 0.1.3
Check: LazyData
Result: NOTE
     'LazyData' is specified without a 'data' directory
Flavors: r-devel-linux-x86_64-debian-clang, r-devel-linux-x86_64-debian-gcc, r-devel-linux-x86_64-fedora-clang, r-devel-linux-x86_64-fedora-gcc, r-devel-windows-x86_64, r-patched-linux-x86_64, r-release-linux-x86_64, r-release-macos-arm64, r-release-macos-x86_64, r-release-windows-x86_64, r-oldrel-macos-arm64, r-oldrel-macos-x86_64, r-oldrel-windows-ix86+x86_64