Last updated on 2024-04-26 06:49:37 CEST.
Flavor | Version | Tinstall | Tcheck | Ttotal | Status | Flags |
---|---|---|---|---|---|---|
r-devel-linux-x86_64-debian-clang | 3.5.0 | 2.36 | 26.65 | 29.01 | OK | |
r-devel-linux-x86_64-debian-gcc | 3.5.0 | 2.29 | 20.62 | 22.91 | OK | |
r-devel-linux-x86_64-fedora-clang | 3.5.0 | 37.13 | NOTE | |||
r-devel-linux-x86_64-fedora-gcc | 3.5.0 | 35.07 | NOTE | |||
r-devel-windows-x86_64 | 3.5.0 | 5.00 | 47.00 | 52.00 | OK | |
r-patched-linux-x86_64 | 3.5.0 | 2.04 | 25.30 | 27.34 | OK | |
r-release-linux-x86_64 | 3.5.0 | 2.90 | 25.50 | 28.40 | OK | |
r-release-macos-arm64 | 3.5.0 | 17.00 | OK | |||
r-release-windows-x86_64 | 3.5.0 | 5.00 | 47.00 | 52.00 | OK | |
r-oldrel-macos-arm64 | 3.5.0 | 19.00 | OK | |||
r-oldrel-macos-x86_64 | 3.5.0 | 30.00 | OK | |||
r-oldrel-windows-x86_64 | 3.5.0 | 7.00 | 45.00 | 52.00 | OK |
Version: 3.5.0
Check: dependencies in R code
Result: NOTE
Namespaces in Imports field not imported from:
‘FNN’ ‘R.utils’ ‘SearchTrees’ ‘colorspace’ ‘colourpicker’
‘data.table’ ‘maps’ ‘ncdf4’ ‘raster’ ‘shinyFiles’ ‘shinyWidgets’
‘shinyjs’ ‘shinythemes’ ‘tcltk’ ‘xml2’
All declared Imports should be used.
Flavors: r-devel-linux-x86_64-fedora-clang, r-devel-linux-x86_64-fedora-gcc