CRAN Package Check Results for Package cmsaf

Last updated on 2022-12-08 12:57:03 CET.

Flavor Version Tinstall Tcheck Ttotal Status Flags
r-devel-linux-x86_64-debian-clang 3.4.4 2.85 27.26 30.11 OK
r-devel-linux-x86_64-debian-gcc 3.4.4 2.40 20.89 23.29 OK
r-devel-linux-x86_64-fedora-clang 3.4.4 49.08 NOTE
r-devel-linux-x86_64-fedora-gcc 3.4.4 45.51 NOTE
r-devel-windows-x86_64 3.4.4 37.00 61.00 98.00 OK
r-patched-linux-x86_64 3.4.4 2.71 25.50 28.21 OK
r-release-linux-x86_64 3.4.4 2.86 25.82 28.68 OK
r-release-macos-arm64 3.4.4 16.00 NOTE
r-release-macos-x86_64 3.4.4 22.00 NOTE
r-release-windows-x86_64 3.4.4 29.00 66.00 95.00 OK
r-oldrel-macos-arm64 3.4.4 19.00 NOTE
r-oldrel-macos-x86_64 3.4.4 28.00 NOTE
r-oldrel-windows-ix86+x86_64 3.4.4 10.00 50.00 60.00 OK

Check Details

Version: 3.4.4
Check: dependencies in R code
Result: NOTE
    Namespaces in Imports field not imported from:
     ‘FNN’ ‘R.utils’ ‘SearchTrees’ ‘colorspace’ ‘colourpicker’
     ‘data.table’ ‘fields’ ‘mapproj’ ‘maps’ ‘maptools’ ‘ncdf4’ ‘raster’
     ‘rworldxtra’ ‘shinyFiles’ ‘shinyWidgets’ ‘shinyjs’ ‘shinythemes’ ‘sp’
     ‘tcltk’ ‘xml2’
     All declared Imports should be used.
Flavors: r-devel-linux-x86_64-fedora-clang, r-devel-linux-x86_64-fedora-gcc, r-release-macos-arm64, r-release-macos-x86_64, r-oldrel-macos-arm64, r-oldrel-macos-x86_64