Last updated on 2024-04-24 21:54:42 CEST.
Flavor | Version | Tinstall | Tcheck | Ttotal | Status | Flags |
---|---|---|---|---|---|---|
r-devel-linux-x86_64-debian-clang | 1.0.2 | 3.02 | 38.90 | 41.92 | NOTE | |
r-devel-linux-x86_64-debian-gcc | 1.0.2 | 2.36 | 28.42 | 30.78 | NOTE | |
r-devel-linux-x86_64-fedora-clang | 1.0.2 | 55.34 | NOTE | |||
r-devel-linux-x86_64-fedora-gcc | 1.0.2 | 72.85 | NOTE | |||
r-devel-windows-x86_64 | 1.0.2 | 4.00 | 54.00 | 58.00 | NOTE | |
r-patched-linux-x86_64 | 1.0.2 | 3.30 | 36.94 | 40.24 | NOTE | |
r-release-linux-x86_64 | 1.0.2 | 3.31 | 34.69 | 38.00 | NOTE | |
r-release-macos-arm64 | 1.0.2 | 27.00 | NOTE | |||
r-release-windows-x86_64 | 1.0.2 | 3.00 | 51.00 | 54.00 | NOTE | |
r-oldrel-macos-arm64 | 1.0.2 | 21.00 | NOTE | |||
r-oldrel-macos-x86_64 | 1.0.2 | 39.00 | NOTE | |||
r-oldrel-windows-x86_64 | 1.0.2 | 5.00 | 53.00 | 58.00 | NOTE |
Version: 1.0.2
Check: LazyData
Result: NOTE
'LazyData' is specified without a 'data' directory
Flavors: r-devel-linux-x86_64-debian-clang, r-devel-linux-x86_64-debian-gcc, r-devel-linux-x86_64-fedora-clang, r-devel-linux-x86_64-fedora-gcc, r-devel-windows-x86_64, r-patched-linux-x86_64, r-release-linux-x86_64, r-release-macos-arm64, r-release-windows-x86_64, r-oldrel-macos-arm64, r-oldrel-macos-x86_64, r-oldrel-windows-x86_64