Last updated on 2024-04-24 06:19:10 CEST.
Flavor | Version | Tinstall | Tcheck | Ttotal | Status | Flags |
---|---|---|---|---|---|---|
r-devel-linux-x86_64-debian-clang | 2.3.4 | 8.10 | 102.98 | 111.08 | NOTE | |
r-devel-linux-x86_64-debian-gcc | 2.3.4 | 7.40 | 74.46 | 81.86 | NOTE | |
r-devel-linux-x86_64-fedora-clang | 2.3.4 | 146.97 | NOTE | |||
r-devel-linux-x86_64-fedora-gcc | 2.3.4 | 172.09 | NOTE | |||
r-prerel-macos-arm64 | 2.3.4 | 50.00 | NOTE | |||
r-prerel-windows-x86_64 | 2.3.4 | 9.00 | 101.00 | 110.00 | NOTE | --no-vignettes |
r-patched-linux-x86_64 | 2.3.4 | 11.96 | 94.54 | 106.50 | NOTE | |
r-release-linux-x86_64 | 2.3.4 | 10.19 | 97.06 | 107.25 | NOTE | |
r-release-macos-arm64 | 2.3.4 | 49.00 | NOTE | |||
r-release-macos-x86_64 | 2.3.4 | 81.00 | NOTE | |||
r-release-windows-x86_64 | 2.3.4 | 13.00 | 102.00 | 115.00 | NOTE | --no-vignettes |
r-oldrel-macos-arm64 | 2.3.4 | 43.00 | NOTE | |||
r-oldrel-windows-x86_64 | 2.3.4 | 12.00 | 120.00 | 132.00 | NOTE | --no-vignettes |
Version: 2.3.4
Check: LazyData
Result: NOTE
'LazyData' is specified without a 'data' directory
Flavors: r-devel-linux-x86_64-debian-clang, r-devel-linux-x86_64-debian-gcc, r-devel-linux-x86_64-fedora-clang, r-devel-linux-x86_64-fedora-gcc, r-prerel-macos-arm64, r-patched-linux-x86_64, r-release-linux-x86_64, r-release-macos-arm64, r-release-macos-x86_64, r-oldrel-macos-arm64
Version: 2.3.4
Flags: --no-vignettes
Check: LazyData
Result: NOTE
'LazyData' is specified without a 'data' directory
Flavors: r-prerel-windows-x86_64, r-release-windows-x86_64, r-oldrel-windows-x86_64