Last updated on 2024-04-23 12:49:23 CEST.
Flavor | Version | Tinstall | Tcheck | Ttotal | Status | Flags |
---|---|---|---|---|---|---|
r-devel-linux-x86_64-debian-clang | 0.1.2 | 7.96 | 53.10 | 61.06 | NOTE | |
r-devel-linux-x86_64-debian-gcc | 0.1.2 | 5.93 | 40.82 | 46.75 | NOTE | |
r-devel-linux-x86_64-fedora-clang | 0.1.2 | 83.79 | NOTE | |||
r-devel-linux-x86_64-fedora-gcc | 0.1.2 | 84.05 | NOTE | |||
r-prerel-macos-arm64 | 0.1.2 | 27.00 | NOTE | |||
r-prerel-windows-x86_64 | 0.1.2 | 8.00 | 58.00 | 66.00 | NOTE | |
r-patched-linux-x86_64 | 0.1.2 | 7.94 | 51.59 | 59.53 | NOTE | |
r-release-linux-x86_64 | 0.1.2 | 8.06 | 52.21 | 60.27 | OK | |
r-release-macos-arm64 | 0.1.2 | 27.00 | OK | |||
r-release-macos-x86_64 | 0.1.2 | 39.00 | OK | |||
r-release-windows-x86_64 | 0.1.2 | 9.00 | 65.00 | 74.00 | OK | |
r-oldrel-macos-arm64 | 0.1.2 | 25.00 | OK | |||
r-oldrel-windows-x86_64 | 0.1.2 | 9.00 | 65.00 | 74.00 | OK |
Version: 0.1.2
Check: Rd files
Result: NOTE
checkRd: (-1) clr.Rd:24: Lost braces
24 | the sense that its Karhunen-Lo\`{e}ve decomposition has qx terms only.}
| ^
Flavors: r-devel-linux-x86_64-debian-clang, r-devel-linux-x86_64-debian-gcc, r-devel-linux-x86_64-fedora-clang, r-devel-linux-x86_64-fedora-gcc, r-prerel-macos-arm64, r-prerel-windows-x86_64, r-patched-linux-x86_64