Last updated on 2024-04-26 20:51:52 CEST.
Flavor | Version | Tinstall | Tcheck | Ttotal | Status | Flags |
---|---|---|---|---|---|---|
r-devel-linux-x86_64-debian-clang | 0.7.0 | 205.81 | 255.54 | 461.35 | NOTE | |
r-devel-linux-x86_64-debian-gcc | 0.7.0 | 150.89 | 187.70 | 338.59 | NOTE | |
r-devel-linux-x86_64-fedora-clang | 0.7.0 | 582.70 | NOTE | |||
r-devel-linux-x86_64-fedora-gcc | 0.7.0 | 610.67 | NOTE | |||
r-devel-windows-x86_64 | 0.7.0 | 144.00 | 253.00 | 397.00 | NOTE | |
r-patched-linux-x86_64 | 0.7.0 | 179.26 | 244.97 | 424.23 | OK | |
r-release-linux-x86_64 | 0.7.0 | 184.86 | 241.09 | 425.95 | OK | |
r-release-macos-arm64 | 0.7.0 | 139.00 | NOTE | |||
r-release-windows-x86_64 | 0.7.0 | 144.00 | 252.00 | 396.00 | OK | |
r-oldrel-macos-arm64 | 0.7.0 | 156.00 | NOTE | |||
r-oldrel-macos-x86_64 | 0.7.0 | 320.00 | NOTE | |||
r-oldrel-windows-x86_64 | 0.7.0 | 180.00 | 326.00 | 506.00 | OK |
Version: 0.7.0
Check: compiled code
Result: NOTE
File ‘clock/libs/clock.so’:
Found non-API calls to R: ‘SETLENGTH’, ‘SET_TRUELENGTH’
Compiled code should not call non-API entry points in R.
See ‘Writing portable packages’ in the ‘Writing R Extensions’ manual.
Flavors: r-devel-linux-x86_64-debian-clang, r-devel-linux-x86_64-debian-gcc, r-devel-linux-x86_64-fedora-clang, r-devel-linux-x86_64-fedora-gcc
Version: 0.7.0
Check: compiled code
Result: NOTE
File 'clock/libs/x64/clock.dll':
Found non-API calls to R: 'SETLENGTH', 'SET_TRUELENGTH'
Compiled code should not call non-API entry points in R.
See 'Writing portable packages' in the 'Writing R Extensions' manual.
Flavor: r-devel-windows-x86_64
Version: 0.7.0
Check: installed package size
Result: NOTE
installed size is 18.3Mb
sub-directories of 1Mb or more:
libs 16.4Mb
Flavors: r-release-macos-arm64, r-oldrel-macos-arm64, r-oldrel-macos-x86_64