CRAN Package Check Results for Package clipr

Last updated on 2022-01-23 21:48:09 CET.

Flavor Version Tinstall Tcheck Ttotal Status Flags
r-devel-linux-x86_64-debian-clang 0.7.1 1.90 32.52 34.42 NOTE
r-devel-linux-x86_64-debian-gcc 0.7.1 1.67 28.24 29.91 NOTE
r-devel-linux-x86_64-fedora-clang 0.7.1 44.49 NOTE
r-devel-linux-x86_64-fedora-gcc 0.7.1 33.26 NOTE
r-devel-windows-x86_64-new-UL 0.7.1 21.00 66.00 87.00 NOTE
r-devel-windows-x86_64-new-TK 0.7.1 NOTE
r-patched-linux-x86_64 0.7.1 2.16 31.28 33.44 NOTE
r-release-linux-x86_64 0.7.1 1.99 31.20 33.19 NOTE
r-release-macos-arm64 0.7.1 NOTE
r-release-macos-x86_64 0.7.1 NOTE
r-release-windows-ix86+x86_64 0.7.1 6.00 41.00 47.00 NOTE
r-oldrel-macos-x86_64 0.7.1 OK
r-oldrel-windows-ix86+x86_64 0.7.1 6.00 42.00 48.00 OK

Check Details

Version: 0.7.1
Check: LazyData
Result: NOTE
     'LazyData' is specified without a 'data' directory
Flavors: r-devel-linux-x86_64-debian-clang, r-devel-linux-x86_64-debian-gcc, r-devel-linux-x86_64-fedora-clang, r-devel-linux-x86_64-fedora-gcc, r-devel-windows-x86_64-new-UL, r-devel-windows-x86_64-new-TK, r-patched-linux-x86_64, r-release-linux-x86_64, r-release-macos-arm64, r-release-macos-x86_64, r-release-windows-ix86+x86_64