Last updated on 2023-03-31 12:54:08 CEST.
Flavor | Version | Tinstall | Tcheck | Ttotal | Status | Flags |
---|---|---|---|---|---|---|
r-devel-linux-x86_64-debian-clang | 1.4.0 | 15.27 | 188.14 | 203.41 | OK | |
r-devel-linux-x86_64-debian-gcc | 1.4.0 | 11.39 | 137.50 | 148.89 | OK | |
r-devel-linux-x86_64-fedora-clang | 1.4.0 | 262.03 | NOTE | |||
r-devel-linux-x86_64-fedora-gcc | 1.4.0 | 254.87 | OK | |||
r-devel-windows-x86_64 | 1.4.0 | 295.00 | 291.00 | 586.00 | NOTE | |
r-patched-linux-x86_64 | 1.4.0 | 12.14 | 179.69 | 191.83 | OK | |
r-release-linux-x86_64 | 1.4.0 | 9.68 | 175.09 | 184.77 | OK | |
r-release-macos-arm64 | 1.4.0 | 47.00 | NOTE | |||
r-release-macos-x86_64 | 1.4.0 | 90.00 | NOTE | |||
r-release-windows-x86_64 | 1.4.0 | 161.00 | 272.00 | 433.00 | NOTE | |
r-oldrel-macos-arm64 | 1.4.0 | 60.00 | NOTE | |||
r-oldrel-macos-x86_64 | 1.4.0 | 95.00 | NOTE | |||
r-oldrel-windows-ix86+x86_64 | 1.4.0 | 29.00 | 224.00 | 253.00 | NOTE |
Version: 1.4.0
Check: installed package size
Result: NOTE
installed size is 5.6Mb
sub-directories of 1Mb or more:
doc 4.3Mb
Flavors: r-devel-linux-x86_64-fedora-clang, r-devel-windows-x86_64, r-release-macos-arm64, r-release-macos-x86_64, r-release-windows-x86_64, r-oldrel-macos-arm64, r-oldrel-macos-x86_64, r-oldrel-windows-ix86+x86_64