CRAN Package Check Results for Package climatrends

Last updated on 2025-07-23 21:51:39 CEST.

Flavor Version Tinstall Tcheck Ttotal Status Flags
r-devel-linux-x86_64-debian-clang 0.5 4.14 36.49 40.63 NOTE
r-devel-linux-x86_64-debian-gcc 0.5 2.74 28.98 31.72 NOTE
r-devel-linux-x86_64-fedora-clang 0.5 67.41 OK
r-devel-linux-x86_64-fedora-gcc 0.5 79.37 OK
r-devel-windows-x86_64 0.5 5.00 58.00 63.00 OK
r-patched-linux-x86_64 0.5 3.77 34.53 38.30 OK
r-release-linux-x86_64 0.5 2.89 34.42 37.31 OK
r-release-macos-arm64 0.5 31.00 OK
r-release-macos-x86_64 0.5 58.00 OK
r-release-windows-x86_64 0.5 7.00 59.00 66.00 OK
r-oldrel-macos-arm64 0.5 30.00 NOTE
r-oldrel-macos-x86_64 0.5 45.00 NOTE
r-oldrel-windows-x86_64 0.5 8.00 66.00 74.00 NOTE

Check Details

Version: 0.5
Check: CRAN incoming feasibility
Result: NOTE Maintainer: ‘Kauê de Sousa <desousa.kaue@gmail.com>’ Package CITATION file contains call(s) to old-style citEntry(). Please use bibentry() instead. Flavors: r-devel-linux-x86_64-debian-clang, r-devel-linux-x86_64-debian-gcc

Version: 0.5
Check: installed package size
Result: NOTE installed size is 5.5Mb sub-directories of 1Mb or more: data 3.4Mb doc 1.8Mb Flavors: r-oldrel-macos-arm64, r-oldrel-macos-x86_64, r-oldrel-windows-x86_64