Last updated on 2024-04-26 20:51:52 CEST.
Flavor | Version | Tinstall | Tcheck | Ttotal | Status | Flags |
---|---|---|---|---|---|---|
r-devel-linux-x86_64-debian-clang | 0.5.2 | 4.69 | 56.95 | 61.64 | OK | |
r-devel-linux-x86_64-debian-gcc | 0.5.2 | 4.30 | 42.29 | 46.59 | OK | |
r-devel-linux-x86_64-fedora-clang | 0.5.2 | 81.50 | NOTE | |||
r-devel-linux-x86_64-fedora-gcc | 0.5.2 | 97.50 | NOTE | |||
r-devel-windows-x86_64 | 0.5.2 | 8.00 | 86.00 | 94.00 | OK | |
r-patched-linux-x86_64 | 0.5.2 | 3.09 | 55.19 | 58.28 | OK | |
r-release-linux-x86_64 | 0.5.2 | 5.24 | 53.47 | 58.71 | OK | |
r-release-macos-arm64 | 0.5.2 | 57.00 | OK | |||
r-release-windows-x86_64 | 0.5.2 | 8.00 | 83.00 | 91.00 | OK | |
r-oldrel-macos-arm64 | 0.5.2 | 45.00 | OK | |||
r-oldrel-macos-x86_64 | 0.5.2 | 60.00 | OK | |||
r-oldrel-windows-x86_64 | 0.5.2 | 10.00 | 93.00 | 103.00 | OK |
Version: 0.5.2
Check: data for non-ASCII characters
Result: NOTE
Note: found 10332 marked UTF-8 strings
Flavors: r-devel-linux-x86_64-fedora-clang, r-devel-linux-x86_64-fedora-gcc