CRAN Package Check Results for Package cli

Last updated on 2020-04-02 21:47:39 CEST.

Flavor Version Tinstall Tcheck Ttotal Status Flags
r-devel-linux-x86_64-debian-clang 2.0.2 6.26 60.27 66.53 OK
r-devel-linux-x86_64-debian-gcc 2.0.2 4.90 53.28 58.18 OK
r-devel-linux-x86_64-fedora-clang 2.0.2 90.35 OK
r-devel-linux-x86_64-fedora-gcc 2.0.2 87.64 OK
r-devel-windows-ix86+x86_64 2.0.2 14.00 68.00 82.00 OK
r-devel-windows-ix86+x86_64-gcc8 2.0.2 11.00 78.00 89.00 OK
r-patched-linux-x86_64 2.0.2 5.85 67.33 73.18 OK
r-patched-solaris-x86 2.0.2 124.90 WARN
r-release-linux-x86_64 2.0.2 5.97 62.60 68.57 OK
r-release-windows-ix86+x86_64 2.0.2 11.00 66.00 77.00 OK
r-release-osx-x86_64 2.0.2 OK
r-oldrel-windows-ix86+x86_64 2.0.2 12.00 67.00 79.00 OK
r-oldrel-osx-x86_64 2.0.2 OK

Check Details

Version: 2.0.2
Check: for unstated dependencies in ‘tests’
Result: WARN
    Warning in deparse(e[[2L]]) :
     it is not known that wchar_t is Unicode on this platform
    Warning in deparse(e[[2L]]) :
     it is not known that wchar_t is Unicode on this platform
    Warning in deparse(e[[2L]]) :
     it is not known that wchar_t is Unicode on this platform
    Warning in deparse(e[[2L]]) :
     it is not known that wchar_t is Unicode on this platform
    Warning in deparse(e[[2L]]) :
     it is not known that wchar_t is Unicode on this platform
    Warning in deparse(e[[2L]]) :
     it is not known that wchar_t is Unicode on this platform
    Warning in deparse(e[[2L]]) :
     it is not known that wchar_t is Unicode on this platform
    Warning in deparse(e[[2L]]) :
     it is not known that wchar_t is Unicode on this platform
    Warning in deparse(e[[2L]]) :
     it is not known that wchar_t is Unicode on this platform
    Warning in deparse(e[[2L]]) :
     it is not known that wchar_t is Unicode on this platform
    Warning in deparse(e[[2L]]) :
     it is not known that wchar_t is Unicode on this platform
    Warning in deparse(e[[2L]]) :
     it is not known that wchar_t is Unicode on this platform
    Warning in deparse(e[[2L]]) :
     it is not known that wchar_t is Unicode on this platform
    Warning in deparse(e[[2L]]) :
     it is not known that wchar_t is Unicode on this platform
    Warning in deparse(e[[2L]]) :
     it is not known that wchar_t is Unicode on this platform
    Warning in deparse(e[[2L]]) :
     it is not known that wchar_t is Unicode on this platform
Flavor: r-patched-solaris-x86