Last updated on 2022-06-25 12:54:19 CEST.
Flavor | Version | Tinstall | Tcheck | Ttotal | Status | Flags |
---|---|---|---|---|---|---|
r-devel-linux-x86_64-debian-clang | 0.9.0 | 62.30 | 419.64 | 481.94 | OK | |
r-devel-linux-x86_64-debian-gcc | 0.9.0 | 54.29 | 308.01 | 362.30 | OK | |
r-devel-linux-x86_64-fedora-clang | 0.9.0 | 572.36 | NOTE | |||
r-devel-linux-x86_64-fedora-gcc | 0.9.0 | 578.40 | NOTE | |||
r-devel-windows-x86_64 | 0.9.0 | 57.00 | 420.00 | 477.00 | OK | |
r-patched-linux-x86_64 | 0.9.0 | 61.97 | 402.69 | 464.66 | OK | |
r-release-linux-x86_64 | 0.9.0 | 60.08 | 399.36 | 459.44 | OK | |
r-release-macos-arm64 | 0.9.0 | 128.00 | NOTE | |||
r-release-macos-x86_64 | 0.9.0 | 259.00 | NOTE | |||
r-release-windows-x86_64 | 0.9.0 | 57.00 | 413.00 | 470.00 | OK | |
r-oldrel-macos-arm64 | 0.9.0 | 141.00 | NOTE | |||
r-oldrel-macos-x86_64 | 0.9.0 | 166.00 | NOTE | |||
r-oldrel-windows-ix86+x86_64 | 0.9.0 | 150.00 | 606.00 | 756.00 | OK |
Version: 0.9.0
Check: dependencies in R code
Result: NOTE
Namespace in Imports field not imported from: ‘sp’
All declared Imports should be used.
Flavors: r-devel-linux-x86_64-fedora-clang, r-devel-linux-x86_64-fedora-gcc, r-release-macos-arm64, r-release-macos-x86_64, r-oldrel-macos-arm64, r-oldrel-macos-x86_64