CRAN Package Check Results for Package clevr

Last updated on 2022-05-20 12:53:20 CEST.

Flavor Version Tinstall Tcheck Ttotal Status Flags
r-devel-linux-x86_64-debian-clang 0.1.1 31.90 86.02 117.92 NOTE
r-devel-linux-x86_64-debian-gcc 0.1.1 23.52 64.57 88.09 NOTE
r-devel-linux-x86_64-fedora-clang 0.1.1 141.74 NOTE
r-devel-windows-x86_64 0.1.1 36.00 113.00 149.00 NOTE
r-patched-linux-x86_64 0.1.1 24.54 81.74 106.28 NOTE
r-release-linux-x86_64 0.1.1 21.17 81.37 102.54 NOTE
r-release-macos-arm64 0.1.1 36.00 NOTE
r-release-macos-x86_64 0.1.1 53.00 NOTE
r-release-windows-x86_64 0.1.1 36.00 116.00 152.00 NOTE
r-oldrel-macos-arm64 0.1.1 44.00 NOTE
r-oldrel-macos-x86_64 0.1.1 86.00 NOTE
r-oldrel-windows-ix86+x86_64 0.1.1 69.00 138.00 207.00 NOTE

Check Details

Version: 0.1.1
Check: LazyData
Result: NOTE
     'LazyData' is specified without a 'data' directory
Flavors: r-devel-linux-x86_64-debian-clang, r-devel-linux-x86_64-debian-gcc, r-devel-linux-x86_64-fedora-clang, r-devel-windows-x86_64, r-patched-linux-x86_64, r-release-linux-x86_64, r-release-macos-arm64, r-release-macos-x86_64, r-release-windows-x86_64, r-oldrel-macos-arm64, r-oldrel-macos-x86_64, r-oldrel-windows-ix86+x86_64