Last updated on 2025-04-30 06:51:13 CEST.
Flavor | Version | Tinstall | Tcheck | Ttotal | Status | Flags |
---|---|---|---|---|---|---|
r-devel-linux-x86_64-debian-clang | 1.6.1 | 53.22 | 22.65 | 75.87 | OK | |
r-devel-linux-x86_64-debian-gcc | 1.6.1 | 37.92 | 18.54 | 56.46 | OK | |
r-devel-linux-x86_64-fedora-clang | 1.6.1 | 192.58 | OK | |||
r-devel-linux-x86_64-fedora-gcc | 1.6.1 | 138.95 | OK | |||
r-devel-windows-x86_64 | 1.6.1 | 69.00 | 74.00 | 143.00 | OK | |
r-patched-linux-x86_64 | 1.6.1 | 52.82 | 21.72 | 74.54 | OK | |
r-release-linux-x86_64 | 1.6.1 | 51.95 | 21.76 | 73.71 | OK | |
r-release-macos-arm64 | 1.6.1 | 41.00 | OK | |||
r-release-macos-x86_64 | 1.6.1 | 67.00 | OK | |||
r-release-windows-x86_64 | 1.6.1 | 65.00 | 68.00 | 133.00 | OK | |
r-oldrel-macos-arm64 | 1.6.1 | 39.00 | NOTE | |||
r-oldrel-macos-x86_64 | 1.6.1 | 56.00 | NOTE | |||
r-oldrel-windows-x86_64 | 1.6.1 | 59.00 | 74.00 | 133.00 | OK |
Version: 1.6.1
Check: installed package size
Result: NOTE
installed size is 9.4Mb
sub-directories of 1Mb or more:
libs 9.3Mb
Flavors: r-oldrel-macos-arm64, r-oldrel-macos-x86_64