CRAN Package Check Results for Package classifierplots

Last updated on 2023-04-01 12:56:21 CEST.

Flavor Version Tinstall Tcheck Ttotal Status Flags
r-devel-linux-x86_64-debian-clang 1.4.0 18.62 136.87 155.49 OK
r-devel-linux-x86_64-debian-gcc 1.4.0 12.29 101.61 113.90 OK
r-devel-linux-x86_64-fedora-clang 1.4.0 189.82 NOTE
r-devel-linux-x86_64-fedora-gcc 1.4.0 193.26 NOTE
r-devel-windows-x86_64 1.4.0 24.00 150.00 174.00 OK
r-patched-linux-x86_64 1.4.0 10.65 124.79 135.44 OK
r-release-linux-x86_64 1.4.0 11.15 129.28 140.43 OK
r-release-macos-arm64 1.4.0 49.00 NOTE
r-release-macos-x86_64 1.4.0 100.00 NOTE
r-release-windows-x86_64 1.4.0 80.00 164.00 244.00 OK
r-oldrel-macos-arm64 1.4.0 61.00 NOTE
r-oldrel-macos-x86_64 1.4.0 84.00 NOTE
r-oldrel-windows-ix86+x86_64 1.4.0 38.00 154.00 192.00 OK

Check Details

Version: 1.4.0
Check: dependencies in R code
Result: NOTE
    Namespace in Imports field not imported from: ‘Rcpp’
     All declared Imports should be used.
Flavors: r-devel-linux-x86_64-fedora-clang, r-devel-linux-x86_64-fedora-gcc, r-release-macos-arm64, r-release-macos-x86_64, r-oldrel-macos-arm64, r-oldrel-macos-x86_64