CRAN Package Check Results for Package class

Last updated on 2020-07-02 12:49:20 CEST.

Flavor Version Tinstall Tcheck Ttotal Status Flags
r-devel-linux-x86_64-debian-clang 7.3-17 3.51 22.71 26.22 OK
r-devel-linux-x86_64-debian-gcc 7.3-17 2.62 18.11 20.73 OK
r-devel-linux-x86_64-fedora-clang 7.3-17 40.68 OK
r-devel-linux-x86_64-fedora-gcc 7.3-17 31.17 OK
r-devel-windows-ix86+x86_64 7.3-17 15.00 62.00 77.00 OK
r-patched-linux-x86_64 7.3-17 3.03 23.00 26.03 OK
r-patched-solaris-x86 7.3-17 OK
r-release-linux-x86_64 7.3-17 3.31 22.98 26.29 OK
r-release-osx-x86_64 7.3-17 OK
r-release-windows-ix86+x86_64 7.3-17 10.00 44.00 54.00 OK
r-oldrel-osx-x86_64 7.3-17 OK
r-oldrel-windows-ix86+x86_64 7.3-17 1.00 11.00 12.00 ERROR

Check Details

Version: 7.3-17
Check: whether package can be installed
Result: ERROR
    Installation failed.
Flavor: r-oldrel-windows-ix86+x86_64