Last updated on 2024-03-28 12:50:29 CET.
Flavor | Version | Tinstall | Tcheck | Ttotal | Status | Flags |
---|---|---|---|---|---|---|
r-devel-linux-x86_64-debian-clang | 0.0.4 | 9.66 | 99.96 | 109.62 | OK | |
r-devel-linux-x86_64-debian-gcc | 0.0.4 | 10.58 | 75.00 | 85.58 | OK | |
r-devel-linux-x86_64-fedora-clang | 0.0.4 | 150.57 | NOTE | |||
r-devel-linux-x86_64-fedora-gcc | 0.0.4 | 141.82 | NOTE | |||
r-devel-windows-x86_64 | 0.0.4 | 12.00 | 85.00 | 97.00 | OK | |
r-patched-linux-x86_64 | 0.0.4 | 11.08 | 98.50 | 109.58 | OK | |
r-release-linux-x86_64 | 0.0.4 | 10.47 | 96.65 | 107.12 | OK | |
r-release-macos-arm64 | 0.0.4 | 44.00 | OK | |||
r-release-macos-x86_64 | 0.0.4 | 69.00 | OK | |||
r-release-windows-x86_64 | 0.0.4 | 15.00 | 104.00 | 119.00 | OK | |
r-oldrel-macos-arm64 | 0.0.4 | 44.00 | NOTE | |||
r-oldrel-windows-x86_64 | 0.0.4 | 15.00 | 108.00 | 123.00 | OK |
Version: 0.0.4
Check: dependencies in R code
Result: NOTE
Namespace in Imports field not imported from: ‘networkD3’
All declared Imports should be used.
Flavors: r-devel-linux-x86_64-fedora-clang, r-devel-linux-x86_64-fedora-gcc, r-oldrel-macos-arm64