CRAN Package Check Results for Package cifti

Last updated on 2024-03-01 03:56:26 CET.

Flavor Version Tinstall Tcheck Ttotal Status Flags
r-devel-linux-x86_64-debian-clang 0.4.5 4.84 67.93 72.77 NOTE
r-devel-linux-x86_64-debian-gcc 0.4.5 4.96 50.61 55.57 NOTE
r-devel-linux-x86_64-fedora-clang 0.4.5 90.08 NOTE
r-devel-linux-x86_64-fedora-gcc 0.4.5 104.26 NOTE
r-devel-windows-x86_64 0.4.5 7.00 71.00 78.00 NOTE
r-patched-linux-x86_64 0.4.5 6.70 64.91 71.61 NOTE
r-release-linux-x86_64 0.4.5 7.07 64.96 72.03 NOTE
r-release-macos-arm64 0.4.5 34.00 NOTE
r-release-macos-x86_64 0.4.5 51.00 NOTE
r-release-windows-x86_64 0.4.5 9.00 77.00 86.00 NOTE
r-oldrel-macos-arm64 0.4.5 27.00 NOTE
r-oldrel-windows-x86_64 0.4.5 9.00 82.00 91.00 NOTE

Check Details

Version: 0.4.5
Check: LazyData
Result: NOTE 'LazyData' is specified without a 'data' directory Flavors: r-devel-linux-x86_64-debian-clang, r-devel-linux-x86_64-debian-gcc, r-devel-linux-x86_64-fedora-clang, r-devel-linux-x86_64-fedora-gcc, r-devel-windows-x86_64, r-patched-linux-x86_64, r-release-linux-x86_64, r-release-macos-arm64, r-release-macos-x86_64, r-release-windows-x86_64, r-oldrel-macos-arm64, r-oldrel-windows-x86_64