Last updated on 2025-02-22 12:50:15 CET.
Flavor | Version | Tinstall | Tcheck | Ttotal | Status | Flags |
---|---|---|---|---|---|---|
r-devel-linux-x86_64-debian-clang | 0.6.1 | 12.22 | 273.38 | 285.60 | OK | |
r-devel-linux-x86_64-debian-gcc | 0.6.1 | 8.75 | 182.47 | 191.22 | OK | |
r-devel-linux-x86_64-fedora-clang | 0.6.1 | 427.58 | OK | |||
r-devel-linux-x86_64-fedora-gcc | 0.6.1 | 429.65 | OK | |||
r-devel-macos-arm64 | 0.6.1 | 116.00 | OK | |||
r-devel-macos-x86_64 | 0.6.1 | 266.00 | OK | |||
r-devel-windows-x86_64 | 0.6.1 | 14.00 | 227.00 | 241.00 | OK | |
r-patched-linux-x86_64 | 0.6.1 | 14.33 | 253.47 | 267.80 | NOTE | |
r-release-linux-x86_64 | 0.6.1 | 11.39 | 253.76 | 265.15 | NOTE | |
r-release-macos-arm64 | 0.6.1 | 119.00 | NOTE | |||
r-release-macos-x86_64 | 0.6.1 | 169.00 | NOTE | |||
r-release-windows-x86_64 | 0.6.1 | 14.00 | 228.00 | 242.00 | NOTE | |
r-oldrel-macos-arm64 | 0.6.1 | 129.00 | NOTE | |||
r-oldrel-macos-x86_64 | 0.6.1 | 213.00 | NOTE | |||
r-oldrel-windows-x86_64 | 0.6.1 | 18.00 | 296.00 | 314.00 | NOTE |
Version: 0.6.1
Check: LazyData
Result: NOTE
'LazyData' is specified without a 'data' directory
Flavors: r-patched-linux-x86_64, r-release-linux-x86_64, r-release-macos-arm64, r-release-macos-x86_64, r-release-windows-x86_64, r-oldrel-macos-arm64, r-oldrel-macos-x86_64, r-oldrel-windows-x86_64