CRAN Package Check Results for Package chunkhooks

Last updated on 2022-05-27 12:53:11 CEST.

Flavor Version Tinstall Tcheck Ttotal Status Flags
r-devel-linux-x86_64-debian-clang 0.0.1 2.20 36.78 38.98 NOTE
r-devel-linux-x86_64-debian-gcc 0.0.1 1.70 28.61 30.31 NOTE
r-devel-linux-x86_64-fedora-clang 0.0.1 47.58 NOTE
r-devel-linux-x86_64-fedora-gcc 0.0.1 45.28 NOTE
r-devel-windows-x86_64 0.0.1 17.00 67.00 84.00 NOTE
r-patched-linux-x86_64 0.0.1 2.17 35.94 38.11 NOTE
r-release-linux-x86_64 0.0.1 2.13 35.62 37.75 NOTE
r-release-macos-arm64 0.0.1 20.00 NOTE
r-release-macos-x86_64 0.0.1 24.00 NOTE
r-release-windows-x86_64 0.0.1 20.00 60.00 80.00 NOTE
r-oldrel-macos-arm64 0.0.1 21.00 NOTE
r-oldrel-macos-x86_64 0.0.1 31.00 NOTE
r-oldrel-windows-ix86+x86_64 0.0.1 6.00 48.00 54.00 NOTE

Check Details

Version: 0.0.1
Check: LazyData
Result: NOTE
     'LazyData' is specified without a 'data' directory
Flavors: r-devel-linux-x86_64-debian-clang, r-devel-linux-x86_64-debian-gcc, r-devel-linux-x86_64-fedora-clang, r-devel-linux-x86_64-fedora-gcc, r-devel-windows-x86_64, r-patched-linux-x86_64, r-release-linux-x86_64, r-release-macos-arm64, r-release-macos-x86_64, r-release-windows-x86_64, r-oldrel-macos-arm64, r-oldrel-macos-x86_64, r-oldrel-windows-ix86+x86_64