Last updated on 2024-03-29 06:56:22 CET.
Flavor | Version | Tinstall | Tcheck | Ttotal | Status | Flags |
---|---|---|---|---|---|---|
r-devel-linux-x86_64-debian-clang | 0.6.0 | 5.54 | 48.44 | 53.98 | OK | |
r-devel-linux-x86_64-debian-gcc | 0.6.0 | 3.67 | 37.40 | 41.07 | OK | |
r-devel-linux-x86_64-fedora-clang | 0.6.0 | 73.37 | OK | |||
r-devel-linux-x86_64-fedora-gcc | 0.6.0 | 66.13 | OK | |||
r-devel-windows-x86_64 | 0.6.0 | 6.00 | 56.00 | 62.00 | WARN | |
r-patched-linux-x86_64 | 0.6.0 | 7.88 | 47.50 | 55.38 | OK | |
r-release-linux-x86_64 | 0.6.0 | 4.69 | 47.99 | 52.68 | OK | |
r-release-macos-arm64 | 0.6.0 | 24.00 | OK | |||
r-release-macos-x86_64 | 0.6.0 | 38.00 | OK | |||
r-release-windows-x86_64 | 0.6.0 | 7.00 | 63.00 | 70.00 | OK | |
r-oldrel-macos-arm64 | 0.6.0 | 22.00 | OK | |||
r-oldrel-windows-x86_64 | 0.6.0 | 7.00 | 65.00 | 72.00 | OK |
Version: 0.6.0
Check: whether package can be installed
Result: WARN
Found the following significant warnings:
Warning: package 'dplyr' was built under R version 4.5.0
Flavor: r-devel-windows-x86_64