Last updated on 2024-04-20 03:52:55 CEST.
Flavor | Version | Tinstall | Tcheck | Ttotal | Status | Flags |
---|---|---|---|---|---|---|
r-devel-linux-x86_64-debian-clang | 0.3 | 3.89 | 80.43 | 84.32 | OK | |
r-devel-linux-x86_64-debian-gcc | 0.3 | OK | ||||
r-devel-linux-x86_64-fedora-clang | 0.3 | 113.57 | NOTE | |||
r-devel-linux-x86_64-fedora-gcc | 0.3 | 121.01 | NOTE | |||
r-prerel-macos-arm64 | 0.3 | 42.00 | OK | |||
r-prerel-windows-x86_64 | 0.3 | 7.00 | 82.00 | 89.00 | OK | |
r-patched-linux-x86_64 | 0.3 | 7.14 | 76.76 | 83.90 | OK | |
r-release-linux-x86_64 | 0.3 | 5.40 | 75.62 | 81.02 | OK | |
r-release-macos-arm64 | 0.3 | 37.00 | OK | |||
r-release-macos-x86_64 | 0.3 | 50.00 | OK | |||
r-release-windows-x86_64 | 0.3 | 8.00 | 95.00 | 103.00 | OK | |
r-oldrel-macos-arm64 | 0.3 | 32.00 | NOTE | |||
r-oldrel-windows-x86_64 | 0.3 | 8.00 | 93.00 | 101.00 | OK |
Version: 0.3
Check: dependencies in R code
Result: NOTE
Namespaces in Imports field not imported from:
‘DT’ ‘dplyr’ ‘prettydoc’ ‘rmdformats’ ‘skimr’
All declared Imports should be used.
Flavors: r-devel-linux-x86_64-fedora-clang, r-devel-linux-x86_64-fedora-gcc, r-oldrel-macos-arm64