CRAN Package Check Results for Package choroplethrAdmin1

Last updated on 2020-07-08 06:47:31 CEST.

Flavor Version Tinstall Tcheck Ttotal Status Flags
r-devel-linux-x86_64-debian-clang 1.1.1 5.03 42.35 47.38 OK
r-devel-linux-x86_64-debian-gcc 1.1.1 4.20 34.03 38.23 OK
r-devel-linux-x86_64-fedora-clang 1.1.1 65.02 NOTE
r-devel-linux-x86_64-fedora-gcc 1.1.1 55.67 OK
r-devel-windows-ix86+x86_64 1.1.1 11.00 57.00 68.00 NOTE
r-patched-linux-x86_64 1.1.1 4.93 42.33 47.26 OK
r-patched-solaris-x86 1.1.1 91.90 NOTE
r-release-linux-x86_64 1.1.1 5.62 41.63 47.25 OK
r-release-osx-x86_64 1.1.1 NOTE
r-release-windows-ix86+x86_64 1.1.1 11.00 53.00 64.00 NOTE
r-oldrel-osx-x86_64 1.1.1 NOTE
r-oldrel-windows-ix86+x86_64 1.1.1 18.00 72.00 90.00 NOTE

Check Details

Version: 1.1.1
Check: installed package size
Result: NOTE
     installed size is 18.0Mb
     sub-directories of 1Mb or more:
     data 17.9Mb
Flavors: r-devel-linux-x86_64-fedora-clang, r-devel-windows-ix86+x86_64, r-patched-solaris-x86, r-release-osx-x86_64, r-release-windows-ix86+x86_64, r-oldrel-osx-x86_64, r-oldrel-windows-ix86+x86_64