Last updated on 2024-03-29 04:05:48 CET.
Flavor | Version | Tinstall | Tcheck | Ttotal | Status | Flags |
---|---|---|---|---|---|---|
r-devel-linux-x86_64-debian-clang | 1.1.1 | 5.88 | 53.17 | 59.05 | OK | |
r-devel-linux-x86_64-debian-gcc | 1.1.1 | 5.69 | 42.21 | 47.90 | OK | |
r-devel-linux-x86_64-fedora-clang | 1.1.1 | 72.82 | NOTE | |||
r-devel-linux-x86_64-fedora-gcc | 1.1.1 | 71.60 | OK | |||
r-devel-windows-x86_64 | 1.1.1 | 7.00 | 66.00 | 73.00 | NOTE | |
r-patched-linux-x86_64 | 1.1.1 | 5.52 | 52.26 | 57.78 | OK | |
r-release-linux-x86_64 | 1.1.1 | 5.70 | 52.48 | 58.18 | OK | |
r-release-macos-arm64 | 1.1.1 | 28.00 | NOTE | |||
r-release-macos-x86_64 | 1.1.1 | 42.00 | NOTE | |||
r-release-windows-x86_64 | 1.1.1 | 8.00 | 70.00 | 78.00 | NOTE | |
r-oldrel-macos-arm64 | 1.1.1 | 27.00 | NOTE | |||
r-oldrel-windows-x86_64 | 1.1.1 | 9.00 | 72.00 | 81.00 | NOTE |
Version: 1.1.1
Check: installed package size
Result: NOTE
installed size is 18.0Mb
sub-directories of 1Mb or more:
data 17.9Mb
Flavors: r-devel-linux-x86_64-fedora-clang, r-devel-windows-x86_64, r-release-macos-arm64, r-release-macos-x86_64, r-release-windows-x86_64, r-oldrel-macos-arm64, r-oldrel-windows-x86_64