CRAN Package Check Results for Package choroplethr

Last updated on 2020-08-11 11:49:08 CEST.

Flavor Version Tinstall Tcheck Ttotal Status Flags
r-devel-linux-x86_64-debian-clang 3.6.4 22.25 136.84 159.09 OK
r-devel-linux-x86_64-debian-gcc 3.6.4 20.09 102.90 122.99 OK
r-devel-linux-x86_64-fedora-clang 3.7.0 218.56 NOTE
r-devel-linux-x86_64-fedora-gcc 3.7.0 208.32 NOTE
r-devel-windows-ix86+x86_64 3.6.4 62.00 219.00 281.00 OK
r-patched-linux-x86_64 3.6.4 18.29 131.42 149.71 OK
r-patched-solaris-x86 3.6.4 297.40 OK
r-release-linux-x86_64 3.6.4 0.37 2.32 2.69 ERROR
r-release-macos-x86_64 3.6.4 OK
r-release-windows-ix86+x86_64 3.6.4 75.00 232.00 307.00 OK
r-oldrel-macos-x86_64 3.6.4 OK
r-oldrel-windows-ix86+x86_64 3.6.4 46.00 151.00 197.00 OK

Check Details

Version: 3.7.0
Check: data for non-ASCII characters
Result: NOTE
     Note: found 10 marked UTF-8 strings
Flavors: r-devel-linux-x86_64-fedora-clang, r-devel-linux-x86_64-fedora-gcc

Version: 3.6.4
Check: package dependencies
Result: ERROR
    Package required but not available: ‘ggmap’
    
    See section ‘The DESCRIPTION file’ in the ‘Writing R Extensions’
    manual.
Flavor: r-release-linux-x86_64