Last updated on 2022-05-27 06:51:19 CEST.
Flavor | Version | Tinstall | Tcheck | Ttotal | Status | Flags |
---|---|---|---|---|---|---|
r-devel-linux-x86_64-debian-clang | 0.2.3 | 2.29 | 45.89 | 48.18 | OK | |
r-devel-linux-x86_64-debian-gcc | 0.2.3 | 2.12 | 35.75 | 37.87 | OK | |
r-devel-linux-x86_64-fedora-clang | 0.2.3 | 57.95 | NOTE | |||
r-devel-linux-x86_64-fedora-gcc | 0.2.3 | 56.85 | NOTE | |||
r-devel-windows-x86_64 | 0.2.3 | 18.00 | 100.00 | 118.00 | OK | |
r-patched-linux-x86_64 | 0.2.3 | 2.96 | 44.08 | 47.04 | OK | |
r-release-linux-x86_64 | 0.2.3 | 2.23 | 44.34 | 46.57 | OK | |
r-release-macos-arm64 | 0.2.3 | 52.00 | NOTE | |||
r-release-macos-x86_64 | 0.2.3 | 64.00 | NOTE | |||
r-release-windows-x86_64 | 0.2.3 | 23.00 | 105.00 | 128.00 | OK | |
r-oldrel-macos-arm64 | 0.2.3 | 43.00 | NOTE | |||
r-oldrel-macos-x86_64 | 0.2.3 | 54.00 | NOTE | |||
r-oldrel-windows-ix86+x86_64 | 0.2.3 | 7.00 | 94.00 | 101.00 | OK |
Version: 0.2.3
Check: dependencies in R code
Result: NOTE
Namespace in Imports field not imported from: ‘dbplyr’
All declared Imports should be used.
Flavors: r-devel-linux-x86_64-fedora-clang, r-devel-linux-x86_64-fedora-gcc, r-release-macos-arm64, r-release-macos-x86_64, r-oldrel-macos-arm64, r-oldrel-macos-x86_64