Last updated on 2022-05-24 21:51:38 CEST.
Flavor | Version | Tinstall | Tcheck | Ttotal | Status | Flags |
---|---|---|---|---|---|---|
r-devel-linux-x86_64-debian-clang | 0.1.8 | 13.89 | 637.01 | 650.90 | NOTE | |
r-devel-linux-x86_64-debian-gcc | 0.1.8 | 11.42 | 543.12 | 554.54 | NOTE | |
r-devel-linux-x86_64-fedora-clang | 0.1.8 | 810.07 | NOTE | |||
r-devel-linux-x86_64-fedora-gcc | 0.1.8 | 744.70 | NOTE | |||
r-devel-windows-x86_64 | 0.1.8 | 45.00 | 789.00 | 834.00 | NOTE | |
r-patched-linux-x86_64 | 0.1.8 | 7.89 | 594.71 | 602.60 | NOTE | |
r-release-linux-x86_64 | 0.1.8 | NOTE | ||||
r-release-macos-arm64 | 0.1.8 | 264.00 | NOTE | |||
r-release-macos-x86_64 | 0.1.8 | 386.00 | NOTE | |||
r-release-windows-x86_64 | 0.1.8 | 46.00 | 761.00 | 807.00 | NOTE | |
r-oldrel-macos-arm64 | 0.1.8 | 282.00 | NOTE | |||
r-oldrel-macos-x86_64 | 0.1.8 | 265.00 | NOTE | |||
r-oldrel-windows-ix86+x86_64 | 0.1.8 | 34.00 | 699.00 | 733.00 | NOTE |
Version: 0.1.8
Check: package dependencies
Result: NOTE
Package suggested but not available for checking: 'countreg'
Flavors: r-devel-linux-x86_64-debian-clang, r-devel-linux-x86_64-debian-gcc, r-devel-linux-x86_64-fedora-clang, r-devel-linux-x86_64-fedora-gcc, r-devel-windows-x86_64, r-patched-linux-x86_64, r-release-linux-x86_64, r-release-macos-x86_64, r-release-windows-x86_64, r-oldrel-macos-arm64, r-oldrel-windows-ix86+x86_64
Version: 0.1.8
Check: dependencies in R code
Result: NOTE
Namespaces in Imports field not imported from:
'knitr' 'rmarkdown'
All declared Imports should be used.
Flavors: r-devel-linux-x86_64-fedora-clang, r-devel-linux-x86_64-fedora-gcc, r-release-macos-arm64, r-release-macos-x86_64, r-oldrel-macos-arm64, r-oldrel-macos-x86_64
Version: 0.1.8
Check: package dependencies
Result: NOTE
Packages suggested but not available for checking:
'GenomicInteractions', 'GenomicRanges', 'Gviz', 'countreg'
Flavor: r-release-macos-arm64
Version: 0.1.8
Check: package dependencies
Result: NOTE
Packages suggested but not available for checking:
'GenomicInteractions', 'countreg'
Flavor: r-oldrel-macos-x86_64