Last updated on 2025-02-04 03:49:44 CET.
Flavor | Version | Tinstall | Tcheck | Ttotal | Status | Flags |
---|---|---|---|---|---|---|
r-devel-linux-x86_64-debian-clang | 0.1.0 | 9.69 | 85.44 | 95.13 | OK | |
r-devel-linux-x86_64-debian-gcc | 0.1.0 | 6.22 | 57.22 | 63.44 | OK | |
r-devel-linux-x86_64-fedora-clang | 0.1.0 | 158.36 | OK | |||
r-devel-linux-x86_64-fedora-gcc | 0.1.0 | 141.11 | OK | |||
r-devel-windows-x86_64 | 0.1.0 | 13.00 | 185.00 | 198.00 | OK | |
r-patched-linux-x86_64 | 0.1.0 | 15.88 | 79.54 | 95.42 | NOTE | |
r-release-linux-x86_64 | 0.1.0 | 7.46 | 79.15 | 86.61 | NOTE | |
r-release-macos-arm64 | 0.1.0 | 45.00 | NOTE | |||
r-release-macos-x86_64 | 0.1.0 | 69.00 | NOTE | |||
r-release-windows-x86_64 | 0.1.0 | 12.00 | 178.00 | 190.00 | NOTE | |
r-oldrel-macos-arm64 | 0.1.0 | 43.00 | NOTE | |||
r-oldrel-macos-x86_64 | 0.1.0 | 78.00 | NOTE | |||
r-oldrel-windows-x86_64 | 0.1.0 | 11.00 | 201.00 | 212.00 | NOTE |
Version: 0.1.0
Check: LazyData
Result: NOTE
'LazyData' is specified without a 'data' directory
Flavors: r-patched-linux-x86_64, r-release-linux-x86_64, r-release-macos-arm64, r-release-macos-x86_64, r-release-windows-x86_64, r-oldrel-macos-arm64, r-oldrel-macos-x86_64, r-oldrel-windows-x86_64