CRAN Package Check Results for Package charlatan

Last updated on 2024-06-14 02:53:54 CEST.

Flavor Version Tinstall Tcheck Ttotal Status Flags
r-devel-linux-x86_64-debian-clang 0.5.1 33.07 110.76 143.83 OK
r-devel-linux-x86_64-debian-gcc 0.5.1 0.67 1.84 2.51 ERROR
r-devel-linux-x86_64-fedora-clang 0.5.1 174.74 OK
r-devel-linux-x86_64-fedora-gcc 0.5.1 177.48 OK
r-devel-windows-x86_64 0.5.1 23.00 112.00 135.00 OK
r-patched-linux-x86_64 0.5.1 25.94 108.05 133.99 OK
r-release-linux-x86_64 0.5.1 27.54 107.16 134.70 OK
r-release-macos-arm64 0.5.1 52.00 OK
r-release-macos-x86_64 0.5.1 90.00 OK
r-release-windows-x86_64 0.5.1 24.00 112.00 136.00 OK
r-oldrel-macos-arm64 0.5.1 74.00 OK
r-oldrel-macos-x86_64 0.5.1 112.00 OK
r-oldrel-windows-x86_64 0.5.1 32.00 132.00 164.00 OK

Check Details

Version: 0.5.1
Check: package dependencies
Result: ERROR Package required but not available: ‘tibble’ Packages suggested but not available for checking: 'testthat', 'ipaddress' See section ‘The DESCRIPTION file’ in the ‘Writing R Extensions’ manual. Flavor: r-devel-linux-x86_64-debian-gcc