CRAN Package Check Results for Package changepointsVar

Last updated on 2023-03-30 21:49:48 CEST.

Flavor Version Tinstall Tcheck Ttotal Status Flags
r-devel-linux-x86_64-debian-clang 0.1.0 2.66 24.22 26.88 NOTE
r-devel-linux-x86_64-debian-gcc 0.1.0 2.15 19.04 21.19 NOTE
r-devel-linux-x86_64-fedora-clang 0.1.0 34.40 NOTE
r-devel-linux-x86_64-fedora-gcc 0.1.0 32.48 NOTE
r-devel-windows-x86_64 0.1.0 19.00 0.00 19.00 NOTE
r-patched-linux-x86_64 0.1.0 2.98 23.52 26.50 NOTE
r-release-linux-x86_64 0.1.0 2.04 24.63 26.67 NOTE
r-release-macos-arm64 0.1.0 15.00 NOTE
r-release-macos-x86_64 0.1.0 22.00 NOTE
r-release-windows-x86_64 0.1.0 12.00 55.00 67.00 NOTE
r-oldrel-macos-arm64 0.1.0 24.00 NOTE
r-oldrel-macos-x86_64 0.1.0 29.00 NOTE
r-oldrel-windows-ix86+x86_64 0.1.0 9.00 51.00 60.00 NOTE

Check Details

Version: 0.1.0
Check: Rd \usage sections
Result: NOTE
    S3 methods shown with full name in documentation object ‘internals’:
     ‘max.rss’
    
    The \usage entries for S3 methods should use the \method markup and not
    their full name.
    See chapter ‘Writing R documentation files’ in the ‘Writing R
    Extensions’ manual.
Flavors: r-devel-linux-x86_64-debian-clang, r-devel-linux-x86_64-debian-gcc, r-devel-linux-x86_64-fedora-clang, r-devel-linux-x86_64-fedora-gcc, r-devel-windows-x86_64, r-patched-linux-x86_64

Version: 0.1.0
Check: LazyData
Result: NOTE
     'LazyData' is specified without a 'data' directory
Flavors: r-devel-linux-x86_64-debian-clang, r-devel-linux-x86_64-debian-gcc, r-devel-linux-x86_64-fedora-clang, r-devel-linux-x86_64-fedora-gcc, r-devel-windows-x86_64, r-patched-linux-x86_64, r-release-linux-x86_64, r-release-macos-arm64, r-release-macos-x86_64, r-release-windows-x86_64, r-oldrel-macos-arm64, r-oldrel-macos-x86_64, r-oldrel-windows-ix86+x86_64