Last updated on 2024-04-23 12:49:23 CEST.
Flavor | Version | Tinstall | Tcheck | Ttotal | Status | Flags |
---|---|---|---|---|---|---|
r-devel-linux-x86_64-debian-clang | 2.2.4 | 11.88 | 561.45 | 573.33 | NOTE | |
r-devel-linux-x86_64-debian-gcc | 2.2.4 | 7.90 | 392.67 | 400.57 | NOTE | |
r-devel-linux-x86_64-fedora-clang | 2.2.4 | 698.77 | NOTE | |||
r-devel-linux-x86_64-fedora-gcc | 2.2.4 | 673.40 | NOTE | |||
r-prerel-macos-arm64 | 2.2.4 | 168.00 | NOTE | |||
r-prerel-windows-x86_64 | 2.2.4 | 12.00 | 402.00 | 414.00 | NOTE | |
r-patched-linux-x86_64 | 2.2.4 | 13.76 | 517.23 | 530.99 | NOTE | |
r-release-linux-x86_64 | 2.2.4 | 8.87 | 525.33 | 534.20 | OK | |
r-release-macos-arm64 | 2.2.4 | 122.00 | OK | |||
r-release-macos-x86_64 | 2.2.4 | 227.00 | OK | |||
r-release-windows-x86_64 | 2.2.4 | 17.00 | 531.00 | 548.00 | OK | |
r-oldrel-macos-arm64 | 2.2.4 | 106.00 | OK | |||
r-oldrel-windows-x86_64 | 2.2.4 | 19.00 | 506.00 | 525.00 | OK |
Version: 2.2.4
Check: Rd files
Result: NOTE
checkRd: (-1) ftse100.Rd:8: Lost braces; missing escapes or markup?
8 | This dataset gives the daily returns (c_{t+1}/c_t -1) of the UK FTSE 100 index from 2nd April 1984 until the 13th September 2012.
| ^
Flavors: r-devel-linux-x86_64-debian-clang, r-devel-linux-x86_64-debian-gcc, r-devel-linux-x86_64-fedora-clang, r-devel-linux-x86_64-fedora-gcc, r-prerel-macos-arm64, r-prerel-windows-x86_64, r-patched-linux-x86_64