CRAN Package Check Results for Package changepoint

Last updated on 2022-10-06 21:49:48 CEST.

Flavor Version Tinstall Tcheck Ttotal Status Flags
r-devel-linux-x86_64-debian-clang 2.2.3 11.96 361.98 373.94 OK
r-devel-linux-x86_64-debian-gcc 2.2.3 8.26 271.02 279.28 OK
r-devel-linux-x86_64-fedora-clang 2.2.3 451.96 WARN
r-devel-linux-x86_64-fedora-gcc 2.2.3 434.69 WARN
r-devel-windows-x86_64 2.2.3 152.00 386.00 538.00 OK
r-patched-linux-x86_64 2.2.3 11.88 344.85 356.73 OK
r-release-linux-x86_64 2.2.3 9.93 335.43 345.36 OK
r-release-macos-arm64 2.2.3 98.00 OK
r-release-macos-x86_64 2.2.3 143.00 OK
r-release-windows-x86_64 2.2.3 170.00 380.00 550.00 OK
r-oldrel-macos-arm64 2.2.3 107.00 OK
r-oldrel-macos-x86_64 2.2.3 133.00 OK
r-oldrel-windows-ix86+x86_64 2.2.3 26.00 725.00 751.00 OK

Check Details

Version: 2.2.3
Check: whether package can be installed
Result: WARN
    Found the following significant warnings:
     BinSeg_one_func_minseglen.c:37:15: warning: a function declaration without a prototype is deprecated in all versions of C [-Wstrict-prototypes]
     BinSeg_one_func_minseglen.c:38:16: warning: a function declaration without a prototype is deprecated in all versions of C [-Wstrict-prototypes]
     BinSeg_one_func_minseglen.c:39:19: warning: a function declaration without a prototype is deprecated in all versions of C [-Wstrict-prototypes]
     BinSeg_one_func_minseglen.c:40:23: warning: a function declaration without a prototype is deprecated in all versions of C [-Wstrict-prototypes]
     BinSeg_one_func_minseglen.c:41:25: warning: a function declaration without a prototype is deprecated in all versions of C [-Wstrict-prototypes]
     BinSeg_one_func_minseglen.c:42:27: warning: a function declaration without a prototype is deprecated in all versions of C [-Wstrict-prototypes]
     BinSeg_one_func_minseglen.c:43:16: warning: a function declaration without a prototype is deprecated in all versions of C [-Wstrict-prototypes]
     BinSeg_one_func_minseglen.c:44:17: warning: a function declaration without a prototype is deprecated in all versions of C [-Wstrict-prototypes]
     BinSeg_one_func_minseglen.c:45:20: warning: a function declaration without a prototype is deprecated in all versions of C [-Wstrict-prototypes]
     BinSeg_one_func_minseglen.c:46:24: warning: a function declaration without a prototype is deprecated in all versions of C [-Wstrict-prototypes]
     BinSeg_one_func_minseglen.c:47:26: warning: a function declaration without a prototype is deprecated in all versions of C [-Wstrict-prototypes]
     BinSeg_one_func_minseglen.c:48:28: warning: a function declaration without a prototype is deprecated in all versions of C [-Wstrict-prototypes]
     BinSeg_one_func_minseglen.c:50:28: warning: a function declaration without a prototype is deprecated in all versions of C [-Wstrict-prototypes]
     BinSeg_one_func_minseglen.c:88:20: warning: a function declaration without a prototype is deprecated in all versions of C [-Wstrict-prototypes]
     BinSeg_one_func_minseglen.c:89:20: warning: a function declaration without a prototype is deprecated in all versions of C [-Wstrict-prototypes]
     PELT_one_func_minseglen.c:48:26: warning: a function declaration without a prototype is deprecated in all versions of C [-Wstrict-prototypes]
     PELT_one_func_minseglen.c:49:17: warning: a function declaration without a prototype is deprecated in all versions of C [-Wstrict-prototypes]
     PELT_one_func_minseglen.c:50:16: warning: a function declaration without a prototype is deprecated in all versions of C [-Wstrict-prototypes]
     PELT_one_func_minseglen.c:51:19: warning: a function declaration without a prototype is deprecated in all versions of C [-Wstrict-prototypes]
     PELT_one_func_minseglen.c:52:23: warning: a function declaration without a prototype is deprecated in all versions of C [-Wstrict-prototypes]
     PELT_one_func_minseglen.c:53:25: warning: a function declaration without a prototype is deprecated in all versions of C [-Wstrict-prototypes]
     PELT_one_func_minseglen.c:54:27: warning: a function declaration without a prototype is deprecated in all versions of C [-Wstrict-prototypes]
     PELT_one_func_minseglen.c:55:16: warning: a function declaration without a prototype is deprecated in all versions of C [-Wstrict-prototypes]
     PELT_one_func_minseglen.c:56:17: warning: a function declaration without a prototype is deprecated in all versions of C [-Wstrict-prototypes]
     PELT_one_func_minseglen.c:57:20: warning: a function declaration without a prototype is deprecated in all versions of C [-Wstrict-prototypes]
     PELT_one_func_minseglen.c:58:24: warning: a function declaration without a prototype is deprecated in all versions of C [-Wstrict-prototypes]
     PELT_one_func_minseglen.c:59:26: warning: a function declaration without a prototype is deprecated in all versions of C [-Wstrict-prototypes]
     PELT_one_func_minseglen.c:60:28: warning: a function declaration without a prototype is deprecated in all versions of C [-Wstrict-prototypes]
     PELT_one_func_minseglen.c:148:17: warning: a function declaration without a prototype is deprecated in all versions of C [-Wstrict-prototypes]
Flavor: r-devel-linux-x86_64-fedora-clang

Version: 2.2.3
Check: whether package can be installed
Result: WARN
    Found the following significant warnings:
     BinSeg_one_func_minseglen.c:15:6: warning: function declaration isn’t a prototype [-Wstrict-prototypes]
     BinSeg_one_func_minseglen.c:37:1: warning: function declaration isn’t a prototype [-Wstrict-prototypes]
     BinSeg_one_func_minseglen.c:38:1: warning: function declaration isn’t a prototype [-Wstrict-prototypes]
     BinSeg_one_func_minseglen.c:39:1: warning: function declaration isn’t a prototype [-Wstrict-prototypes]
     BinSeg_one_func_minseglen.c:40:1: warning: function declaration isn’t a prototype [-Wstrict-prototypes]
     BinSeg_one_func_minseglen.c:41:1: warning: function declaration isn’t a prototype [-Wstrict-prototypes]
     BinSeg_one_func_minseglen.c:42:1: warning: function declaration isn’t a prototype [-Wstrict-prototypes]
     BinSeg_one_func_minseglen.c:43:1: warning: function declaration isn’t a prototype [-Wstrict-prototypes]
     BinSeg_one_func_minseglen.c:44:1: warning: function declaration isn’t a prototype [-Wstrict-prototypes]
     BinSeg_one_func_minseglen.c:45:1: warning: function declaration isn’t a prototype [-Wstrict-prototypes]
     BinSeg_one_func_minseglen.c:46:1: warning: function declaration isn’t a prototype [-Wstrict-prototypes]
     BinSeg_one_func_minseglen.c:47:1: warning: function declaration isn’t a prototype [-Wstrict-prototypes]
     BinSeg_one_func_minseglen.c:48:1: warning: function declaration isn’t a prototype [-Wstrict-prototypes]
     BinSeg_one_func_minseglen.c:50:6: warning: function declaration isn’t a prototype [-Wstrict-prototypes]
     BinSeg_one_func_minseglen.c:88:6: warning: function declaration isn’t a prototype [-Wstrict-prototypes]
     BinSeg_one_func_minseglen.c:89:6: warning: function declaration isn’t a prototype [-Wstrict-prototypes]
     PELT_one_func_minseglen.c:21:6: warning: function declaration isn’t a prototype [-Wstrict-prototypes]
     PELT_one_func_minseglen.c:33:6: warning: function declaration isn’t a prototype [-Wstrict-prototypes]
     PELT_one_func_minseglen.c:48:4: warning: function declaration isn’t a prototype [-Wstrict-prototypes]
     PELT_one_func_minseglen.c:49:3: warning: function declaration isn’t a prototype [-Wstrict-prototypes]
     PELT_one_func_minseglen.c:50:1: warning: function declaration isn’t a prototype [-Wstrict-prototypes]
     PELT_one_func_minseglen.c:51:1: warning: function declaration isn’t a prototype [-Wstrict-prototypes]
     PELT_one_func_minseglen.c:52:1: warning: function declaration isn’t a prototype [-Wstrict-prototypes]
     PELT_one_func_minseglen.c:53:1: warning: function declaration isn’t a prototype [-Wstrict-prototypes]
     PELT_one_func_minseglen.c:54:1: warning: function declaration isn’t a prototype [-Wstrict-prototypes]
     PELT_one_func_minseglen.c:55:1: warning: function declaration isn’t a prototype [-Wstrict-prototypes]
     PELT_one_func_minseglen.c:56:1: warning: function declaration isn’t a prototype [-Wstrict-prototypes]
     PELT_one_func_minseglen.c:57:1: warning: function declaration isn’t a prototype [-Wstrict-prototypes]
     PELT_one_func_minseglen.c:58:1: warning: function declaration isn’t a prototype [-Wstrict-prototypes]
     PELT_one_func_minseglen.c:59:1: warning: function declaration isn’t a prototype [-Wstrict-prototypes]
     PELT_one_func_minseglen.c:60:1: warning: function declaration isn’t a prototype [-Wstrict-prototypes]
     PELT_one_func_minseglen.c:148:3: warning: function declaration isn’t a prototype [-Wstrict-prototypes]
Flavor: r-devel-linux-x86_64-fedora-gcc