Last updated on 2025-05-07 12:50:19 CEST.
Flavor | Version | Tinstall | Tcheck | Ttotal | Status | Flags |
---|---|---|---|---|---|---|
r-devel-linux-x86_64-debian-clang | 1.0.2 | 8.25 | 160.55 | 168.80 | NOTE | |
r-devel-linux-x86_64-debian-gcc | 1.0.2 | 6.19 | 102.22 | 108.41 | NOTE | |
r-devel-linux-x86_64-fedora-clang | 1.0.2 | 248.63 | OK | |||
r-devel-linux-x86_64-fedora-gcc | 1.0.2 | 257.24 | OK | |||
r-devel-windows-x86_64 | 1.0.2 | 10.00 | 164.00 | 174.00 | NOTE | |
r-patched-linux-x86_64 | 1.0.2 | 8.67 | 148.58 | 157.25 | NOTE | |
r-release-linux-x86_64 | 1.0.2 | 8.33 | 148.88 | 157.21 | NOTE | |
r-release-macos-arm64 | 1.0.2 | 72.00 | OK | |||
r-release-macos-x86_64 | 1.0.2 | 137.00 | OK | |||
r-release-windows-x86_64 | 1.0.2 | 11.00 | 163.00 | 174.00 | NOTE | |
r-oldrel-macos-arm64 | 1.0.2 | 69.00 | OK | |||
r-oldrel-macos-x86_64 | 1.0.2 | 105.00 | OK | |||
r-oldrel-windows-x86_64 | 1.0.2 | 13.00 | 214.00 | 227.00 | OK |
Version: 1.0.2
Check: Rd cross-references
Result: NOTE
Found the following Rd file(s) with Rd \link{} targets missing package
anchors:
cpt.geo-class.Rd: ggplot2
data.set.Rd: data.set-methods
data.set_-.Rd: data.set<--methods
pen.value.Rd: pen.value-methods
pen.value_-.Rd: pen.value<--methods
test.stat.Rd: test.stat-methods
test.stat_-.Rd: test.stat<--methods
Please provide package anchors for all Rd \link{} targets not in the
package itself and the base packages.
Flavors: r-devel-linux-x86_64-debian-clang, r-devel-linux-x86_64-debian-gcc, r-devel-windows-x86_64, r-patched-linux-x86_64, r-release-linux-x86_64, r-release-windows-x86_64