Last updated on 2024-04-30 21:50:03 CEST.
Flavor | Version | Tinstall | Tcheck | Ttotal | Status | Flags |
---|---|---|---|---|---|---|
r-devel-linux-x86_64-debian-clang | 1.1.0 | 11.91 | 340.01 | 351.92 | OK | |
r-devel-linux-x86_64-debian-gcc | 1.1.0 | 10.02 | 252.80 | 262.82 | ERROR | |
r-devel-linux-x86_64-fedora-clang | 1.1.0 | 435.31 | NOTE | |||
r-devel-linux-x86_64-fedora-gcc | 1.1.0 | 458.68 | OK | |||
r-devel-windows-x86_64 | 1.1.0 | 13.00 | 286.00 | 299.00 | OK | |
r-patched-linux-x86_64 | 1.1.0 | 7.59 | 317.17 | 324.76 | OK | |
r-release-linux-x86_64 | 1.1.0 | 7.99 | 324.61 | 332.60 | OK | |
r-release-macos-arm64 | 1.1.0 | 134.00 | NOTE | |||
r-release-windows-x86_64 | 1.1.0 | 11.00 | 292.00 | 303.00 | OK | |
r-oldrel-macos-arm64 | 1.1.0 | 121.00 | NOTE | |||
r-oldrel-macos-x86_64 | 1.1.0 | 270.00 | NOTE | |||
r-oldrel-windows-x86_64 | 1.1.0 | 14.00 | 342.00 | 356.00 | OK |
Version: 1.1.0
Check: tests
Result: ERROR
Running ‘testthat.R’ [37s/60s]
Running the tests in ‘tests/testthat.R’ failed.
Complete output:
> library(testthat)
> library(changeRangeR)
To get started with multiple species, see the demo with
vignette(package='changeRangeR')
>
> test_check("changeRangeR")
[ FAIL 1 | WARN 0 | SKIP 0 | PASS 20 ]
══ Failed tests ════════════════════════════════════════════════════════════════
── Error ('test_mcpSDM.R:15:1'): (code run outside of `test_that()`) ───────────
<subscriptOutOfBoundsError/error/condition>
Error in `ch.vec[[i.bestfit]]`: subscript out of bounds
Backtrace:
▆
1. └─changeRangeR::mcpSDM(p, xy, ch.orig, thr) at test_mcpSDM.R:15:1
[ FAIL 1 | WARN 0 | SKIP 0 | PASS 20 ]
Error: Test failures
Execution halted
Flavor: r-devel-linux-x86_64-debian-gcc
Version: 1.1.0
Check: installed package size
Result: NOTE
installed size is 5.1Mb
sub-directories of 1Mb or more:
extdata 4.7Mb
Flavors: r-devel-linux-x86_64-fedora-clang, r-release-macos-arm64, r-oldrel-macos-arm64, r-oldrel-macos-x86_64