Last updated on 2025-02-04 03:49:44 CET.
Flavor | Version | Tinstall | Tcheck | Ttotal | Status | Flags |
---|---|---|---|---|---|---|
r-devel-linux-x86_64-debian-clang | 0.1.0 | 6.62 | 23.34 | 29.96 | OK | |
r-devel-linux-x86_64-debian-gcc | 0.1.0 | 4.92 | 18.44 | 23.36 | OK | |
r-devel-linux-x86_64-fedora-clang | 0.1.0 | 42.00 | OK | |||
r-devel-linux-x86_64-fedora-gcc | 0.1.0 | 39.28 | OK | |||
r-devel-windows-x86_64 | 0.1.0 | 21.00 | 47.00 | 68.00 | OK | |
r-patched-linux-x86_64 | 0.1.0 | 6.09 | 22.69 | 28.78 | OK | |
r-release-linux-x86_64 | 0.1.0 | 7.12 | 22.64 | 29.76 | OK | |
r-release-macos-x86_64 | 0.1.0 | 49.00 | NOTE | |||
r-release-windows-x86_64 | 0.1.0 | 26.00 | 46.00 | 72.00 | NOTE | |
r-oldrel-macos-arm64 | 0.1.0 | 29.00 | NOTE | |||
r-oldrel-macos-x86_64 | 0.1.0 | 43.00 | NOTE | |||
r-oldrel-windows-x86_64 | 0.1.0 | 19.00 | 44.00 | 63.00 | NOTE |
Version: 0.1.0
Check: installed package size
Result: NOTE
installed size is 37.9Mb
sub-directories of 1Mb or more:
include 37.8Mb
Flavors: r-release-macos-x86_64, r-release-windows-x86_64, r-oldrel-macos-arm64, r-oldrel-macos-x86_64, r-oldrel-windows-x86_64