CRAN Package Check Results for Package cfid

Last updated on 2022-10-01 05:51:18 CEST.

Flavor Version Tinstall Tcheck Ttotal Status Flags
r-devel-linux-x86_64-debian-clang 0.1.2 4.49 34.56 39.05 OK
r-devel-linux-x86_64-debian-gcc 0.1.2 2.94 26.18 29.12 OK
r-devel-linux-x86_64-fedora-clang 0.1.2 61.47 NOTE
r-devel-linux-x86_64-fedora-gcc 0.1.2 54.36 OK
r-devel-windows-x86_64 0.1.2 19.00 60.00 79.00 OK
r-patched-linux-x86_64 0.1.2 4.22 32.69 36.91 OK
r-release-linux-x86_64 0.1.2 3.89 31.42 35.31 OK
r-release-macos-arm64 0.1.2 19.00 OK
r-release-macos-x86_64 0.1.2 23.00 OK
r-release-windows-x86_64 0.1.2 15.00 56.00 71.00 OK
r-oldrel-macos-arm64 0.1.2 22.00 OK
r-oldrel-macos-x86_64 0.1.2 29.00 OK
r-oldrel-windows-ix86+x86_64 0.1.2 9.00 58.00 67.00 OK

Check Details

Version: 0.1.2
Check: Rd cross-references
Result: NOTE
    Undeclared packages ‘causaleffect’, ‘dosearch’ in Rd xrefs
Flavor: r-devel-linux-x86_64-fedora-clang