Last updated on 2024-04-20 03:52:55 CEST.
Flavor | Version | Tinstall | Tcheck | Ttotal | Status | Flags |
---|---|---|---|---|---|---|
r-devel-linux-x86_64-debian-clang | 1.2-2 | 7.75 | 58.95 | 66.70 | OK | |
r-devel-linux-x86_64-debian-gcc | 1.2-2 | OK | ||||
r-devel-linux-x86_64-fedora-clang | 1.2-2 | 88.87 | NOTE | |||
r-devel-linux-x86_64-fedora-gcc | 1.2-2 | 80.45 | OK | |||
r-prerel-macos-arm64 | 1.2-2 | 28.00 | OK | |||
r-prerel-windows-x86_64 | 1.2-2 | 9.00 | 59.00 | 68.00 | OK | |
r-patched-linux-x86_64 | 1.2-2 | 7.72 | 57.64 | 65.36 | OK | |
r-release-linux-x86_64 | 1.2-2 | 8.30 | 59.34 | 67.64 | OK | |
r-release-macos-arm64 | 1.2-2 | 30.00 | OK | |||
r-release-macos-x86_64 | 1.2-2 | 63.00 | OK | |||
r-release-windows-x86_64 | 1.2-2 | 11.00 | 69.00 | 80.00 | OK | |
r-oldrel-macos-arm64 | 1.2-2 | 32.00 | OK | |||
r-oldrel-windows-x86_64 | 1.2-2 | 13.00 | 73.00 | 86.00 | OK |
Version: 1.2-2
Check: Rd cross-references
Result: NOTE
Undeclared package ‘vegan’ in Rd xrefs
Flavor: r-devel-linux-x86_64-fedora-clang