CRAN Package Check Results for Package cepR

Last updated on 2022-10-01 05:51:18 CEST.

Flavor Version Tinstall Tcheck Ttotal Status Flags
r-devel-linux-x86_64-debian-clang 0.1.2 4.89 47.26 52.15 NOTE
r-devel-linux-x86_64-debian-gcc 0.1.2 4.00 35.36 39.36 NOTE
r-devel-linux-x86_64-fedora-clang 0.1.2 76.42 NOTE
r-devel-linux-x86_64-fedora-gcc 0.1.2 69.08 NOTE
r-devel-windows-x86_64 0.1.2 12.00 69.00 81.00 NOTE
r-patched-linux-x86_64 0.1.2 4.18 44.16 48.34 NOTE
r-release-linux-x86_64 0.1.2 3.10 43.83 46.93 NOTE
r-release-macos-arm64 0.1.2 20.00 NOTE
r-release-macos-x86_64 0.1.2 41.00 NOTE
r-release-windows-x86_64 0.1.2 9.00 68.00 77.00 NOTE
r-oldrel-macos-arm64 0.1.2 24.00 NOTE
r-oldrel-macos-x86_64 0.1.2 38.00 NOTE
r-oldrel-windows-ix86+x86_64 0.1.2 12.00 65.00 77.00 NOTE

Check Details

Version: 0.1.2
Check: LazyData
Result: NOTE
     'LazyData' is specified without a 'data' directory
Flavors: r-devel-linux-x86_64-debian-clang, r-devel-linux-x86_64-debian-gcc, r-devel-linux-x86_64-fedora-clang, r-devel-linux-x86_64-fedora-gcc, r-devel-windows-x86_64, r-patched-linux-x86_64, r-release-linux-x86_64, r-release-macos-arm64, r-release-macos-x86_64, r-release-windows-x86_64, r-oldrel-macos-arm64, r-oldrel-macos-x86_64, r-oldrel-windows-ix86+x86_64