Last updated on 2024-03-29 04:05:48 CET.
Flavor | Version | Tinstall | Tcheck | Ttotal | Status | Flags |
---|---|---|---|---|---|---|
r-devel-linux-x86_64-debian-clang | 0.0.4 | 3.46 | 47.19 | 50.65 | NOTE | |
r-devel-linux-x86_64-debian-gcc | 0.0.4 | 4.37 | 35.92 | 40.29 | NOTE | |
r-devel-linux-x86_64-fedora-clang | 0.0.4 | 65.51 | NOTE | |||
r-devel-linux-x86_64-fedora-gcc | 0.0.4 | 75.32 | NOTE | |||
r-devel-windows-x86_64 | 0.0.4 | 6.00 | 56.00 | 62.00 | WARN | |
r-patched-linux-x86_64 | 0.0.4 | 4.52 | 46.35 | 50.87 | NOTE | |
r-release-linux-x86_64 | 0.0.4 | 3.66 | 43.79 | 47.45 | NOTE | |
r-release-macos-arm64 | 0.0.4 | 30.00 | NOTE | |||
r-release-macos-x86_64 | 0.0.4 | 45.00 | NOTE | |||
r-release-windows-x86_64 | 0.0.4 | 7.00 | 59.00 | 66.00 | NOTE | |
r-oldrel-macos-arm64 | 0.0.4 | 24.00 | NOTE | |||
r-oldrel-windows-x86_64 | 0.0.4 | 7.00 | 62.00 | 69.00 | NOTE |
Version: 0.0.4
Check: Rd files
Result: NOTE
checkRd: (-1) call_api_once.Rd:36: Lost braces
36 | A code{data.frame} with the requested variables at the requested
| ^
Flavors: r-devel-linux-x86_64-debian-clang, r-devel-linux-x86_64-debian-gcc, r-devel-linux-x86_64-fedora-clang, r-devel-linux-x86_64-fedora-gcc, r-devel-windows-x86_64, r-patched-linux-x86_64
Version: 0.0.4
Check: LazyData
Result: NOTE
'LazyData' is specified without a 'data' directory
Flavors: r-devel-linux-x86_64-debian-clang, r-devel-linux-x86_64-debian-gcc, r-devel-linux-x86_64-fedora-clang, r-devel-linux-x86_64-fedora-gcc, r-devel-windows-x86_64, r-patched-linux-x86_64, r-release-linux-x86_64, r-release-macos-arm64, r-release-macos-x86_64, r-release-windows-x86_64, r-oldrel-macos-arm64, r-oldrel-windows-x86_64
Version: 0.0.4
Check: whether package can be installed
Result: WARN
Found the following significant warnings:
Warning: package 'dplyr' was built under R version 4.5.0
Flavor: r-devel-windows-x86_64