Last updated on 2023-12-09 12:49:16 CET.
Flavor | Version | Tinstall | Tcheck | Ttotal | Status | Flags |
---|---|---|---|---|---|---|
r-devel-linux-x86_64-debian-clang | 0.2.0 | 14.49 | 479.37 | 493.86 | NOTE | |
r-devel-linux-x86_64-debian-gcc | 0.2.0 | 10.47 | 353.60 | 364.07 | NOTE | |
r-devel-linux-x86_64-fedora-clang | 0.2.0 | 616.43 | NOTE | |||
r-devel-linux-x86_64-fedora-gcc | 0.2.0 | 626.28 | NOTE | |||
r-devel-windows-x86_64 | 0.2.0 | 14.00 | 314.00 | 328.00 | NOTE | |
r-patched-linux-x86_64 | 0.2.0 | 11.36 | 466.56 | 477.92 | OK | |
r-release-linux-x86_64 | 0.2.0 | 16.19 | 449.48 | 465.67 | OK | |
r-release-macos-arm64 | 0.2.0 | 148.00 | OK | |||
r-release-macos-x86_64 | 0.2.0 | 331.00 | OK | |||
r-release-windows-x86_64 | 0.2.0 | 19.00 | 431.00 | 450.00 | OK | |
r-oldrel-macos-arm64 | 0.2.0 | 143.00 | OK | |||
r-oldrel-macos-x86_64 | 0.2.0 | 197.00 | OK | |||
r-oldrel-windows-x86_64 | 0.2.0 | 19.00 | 423.00 | 442.00 | OK |
Version: 0.2.0
Check: Rd \usage sections
Result: NOTE
Documented arguments not in \usage in Rd file 'blackboost_train.Rd':
‘x’ ‘y’
Documented arguments not in \usage in Rd file 'survival_prob_mboost.Rd':
‘x’
Functions with \usage entries need to have the appropriate \alias
entries, and all their arguments documented.
The \usage entries must correspond to syntactically valid R code.
See chapter ‘Writing R documentation files’ in the ‘Writing R
Extensions’ manual.
Flavors: r-devel-linux-x86_64-debian-clang, r-devel-linux-x86_64-debian-gcc, r-devel-linux-x86_64-fedora-clang, r-devel-linux-x86_64-fedora-gcc, r-devel-windows-x86_64