Last updated on 2024-04-24 21:54:41 CEST.
Flavor | Version | Tinstall | Tcheck | Ttotal | Status | Flags |
---|---|---|---|---|---|---|
r-devel-linux-x86_64-debian-clang | 1.0.0 | 6.21 | 51.74 | 57.95 | OK | |
r-devel-linux-x86_64-debian-gcc | 1.0.0 | 4.12 | 39.91 | 44.03 | OK | |
r-devel-linux-x86_64-fedora-clang | 1.0.0 | 78.03 | NOTE | |||
r-devel-linux-x86_64-fedora-gcc | 1.0.0 | 84.82 | NOTE | |||
r-devel-windows-x86_64 | 1.0.0 | 7.00 | 73.00 | 80.00 | OK | |
r-patched-linux-x86_64 | 1.0.0 | 4.09 | 50.51 | 54.60 | OK | |
r-release-linux-x86_64 | 1.0.0 | 5.33 | 49.71 | 55.04 | OK | |
r-release-macos-arm64 | 1.0.0 | 34.00 | OK | |||
r-release-windows-x86_64 | 1.0.0 | 6.00 | 73.00 | 79.00 | OK | |
r-oldrel-macos-arm64 | 1.0.0 | 25.00 | NOTE | |||
r-oldrel-macos-x86_64 | 1.0.0 | 45.00 | OK | |||
r-oldrel-windows-x86_64 | 1.0.0 | 7.00 | 73.00 | 80.00 | OK |
Version: 1.0.0
Check: dependencies in R code
Result: NOTE
Namespaces in Imports field not imported from:
‘base’ ‘stats’ ‘tidyr’
All declared Imports should be used.
Flavors: r-devel-linux-x86_64-fedora-clang, r-devel-linux-x86_64-fedora-gcc, r-oldrel-macos-arm64