Last updated on 2025-04-16 12:49:28 CEST.
Flavor | Version | Tinstall | Tcheck | Ttotal | Status | Flags |
---|---|---|---|---|---|---|
r-devel-linux-x86_64-debian-clang | 1.0.3 | 8.94 | 74.49 | 83.43 | NOTE | |
r-devel-linux-x86_64-debian-gcc | 1.0.3 | 6.84 | 55.11 | 61.95 | NOTE | |
r-devel-linux-x86_64-fedora-clang | 1.0.4 | 141.43 | OK | |||
r-devel-linux-x86_64-fedora-gcc | 1.0.4 | 134.63 | OK | |||
r-devel-windows-x86_64 | 1.0.3 | 10.00 | 87.00 | 97.00 | NOTE | |
r-patched-linux-x86_64 | 1.0.3 | 9.79 | 72.37 | 82.16 | NOTE | |
r-release-linux-x86_64 | 1.0.3 | 8.74 | 72.32 | 81.06 | NOTE | |
r-release-macos-arm64 | 1.0.4 | 39.00 | OK | |||
r-release-macos-x86_64 | 1.0.4 | 59.00 | OK | |||
r-release-windows-x86_64 | 1.0.4 | 15.00 | 103.00 | 118.00 | OK | |
r-oldrel-macos-arm64 | 1.0.4 | 38.00 | OK | |||
r-oldrel-macos-x86_64 | 1.0.4 | 68.00 | OK | |||
r-oldrel-windows-x86_64 | 1.0.4 | 14.00 | 109.00 | 123.00 | OK |
Version: 1.0.3
Check: Rd cross-references
Result: NOTE
Found the following Rd file(s) with Rd \link{} targets missing package
anchors:
G.start.Rd: lsei
cds.Rd: lsei
cdstoclue.Rd: cl_agreement
gen.cop.Rd: copClayton
group.ALS.Rd: lsei
Please provide package anchors for all Rd \link{} targets not in the
package itself and the base packages.
Flavors: r-devel-linux-x86_64-debian-clang, r-devel-linux-x86_64-debian-gcc, r-devel-windows-x86_64, r-patched-linux-x86_64, r-release-linux-x86_64