Last updated on 2023-03-28 12:54:36 CEST.
Flavor | Version | Tinstall | Tcheck | Ttotal | Status | Flags |
---|---|---|---|---|---|---|
r-devel-linux-x86_64-debian-clang | 1.0.1 | 17.51 | 148.30 | 165.81 | OK | |
r-devel-linux-x86_64-debian-gcc | 1.0.1 | 15.01 | 111.19 | 126.20 | OK | |
r-devel-linux-x86_64-fedora-clang | 1.0.1 | 210.57 | NOTE | |||
r-devel-linux-x86_64-fedora-gcc | 1.0.1 | 206.79 | OK | |||
r-devel-windows-x86_64 | 1.0.1 | 38.00 | 171.00 | 209.00 | OK | |
r-patched-linux-x86_64 | 1.0.1 | 15.94 | 139.95 | 155.89 | OK | |
r-release-linux-x86_64 | 1.0.1 | 15.02 | 137.25 | 152.27 | OK | |
r-release-macos-arm64 | 1.0.1 | 34.00 | OK | |||
r-release-macos-x86_64 | 1.0.1 | 98.00 | OK | |||
r-release-windows-x86_64 | 1.0.1 | 34.00 | 172.00 | 206.00 | OK | |
r-oldrel-macos-arm64 | 1.0.1 | 41.00 | OK | |||
r-oldrel-macos-x86_64 | 1.0.1 | 67.00 | OK | |||
r-oldrel-windows-ix86+x86_64 | 1.0.1 | 38.00 | 162.00 | 200.00 | OK |
Version: 1.0.1
Check: startup messages can be suppressed
Result: NOTE
OMP: Warning #96: Cannot form a team with 24 threads, using 2 instead.
OMP: Hint Consider unsetting KMP_DEVICE_THREAD_LIMIT (KMP_ALL_THREADS), KMP_TEAMS_THREAD_LIMIT, and OMP_THREAD_LIMIT (if any are set).
It looks like this package (or a package it requires) has a startup
message which cannot be suppressed: see ?packageStartupMessage.
Flavor: r-devel-linux-x86_64-fedora-clang