Last updated on 2024-04-26 11:52:33 CEST.
Flavor | Version | Tinstall | Tcheck | Ttotal | Status | Flags |
---|---|---|---|---|---|---|
r-devel-linux-x86_64-debian-clang | 1.0.6 | 18.66 | 155.94 | 174.60 | NOTE | |
r-devel-linux-x86_64-debian-gcc | 1.0.6 | 13.20 | 112.18 | 125.38 | NOTE | |
r-devel-linux-x86_64-fedora-clang | 1.0.6 | 228.69 | NOTE | |||
r-devel-linux-x86_64-fedora-gcc | 1.0.6 | 214.43 | NOTE | |||
r-devel-windows-x86_64 | 1.0.6 | 16.00 | 117.00 | 133.00 | NOTE | |
r-patched-linux-x86_64 | 1.0.6 | 15.94 | 149.17 | 165.11 | NOTE | |
r-release-linux-x86_64 | 1.0.6 | 14.41 | 150.76 | 165.17 | NOTE | |
r-release-macos-arm64 | 1.0.6 | 61.00 | NOTE | |||
r-release-macos-x86_64 | 1.0.6 | 113.00 | NOTE | |||
r-release-windows-x86_64 | 1.0.6 | 15.00 | 115.00 | 130.00 | NOTE | |
r-oldrel-macos-arm64 | 1.0.6 | 26.00 | NOTE | |||
r-oldrel-macos-x86_64 | 1.0.6 | 36.00 | NOTE | |||
r-oldrel-windows-x86_64 | 1.0.6 | 19.00 | 149.00 | 168.00 | NOTE |
Version: 1.0.6
Check: package subdirectories
Result: NOTE
Problems with news in ‘NEWS.md’:
No news entries found.
Flavors: r-devel-linux-x86_64-debian-clang, r-devel-linux-x86_64-debian-gcc, r-devel-linux-x86_64-fedora-clang, r-devel-linux-x86_64-fedora-gcc, r-devel-windows-x86_64, r-patched-linux-x86_64, r-release-linux-x86_64, r-release-macos-arm64, r-release-macos-x86_64, r-release-windows-x86_64, r-oldrel-macos-arm64, r-oldrel-macos-x86_64, r-oldrel-windows-x86_64