CRAN Package Check Results for Package ccrs

Last updated on 2020-09-24 12:50:37 CEST.

Flavor Version Tinstall Tcheck Ttotal Status Flags
r-devel-linux-x86_64-debian-clang 0.1.0 13.38 96.51 109.89 OK
r-devel-linux-x86_64-debian-gcc 0.1.0 10.48 73.89 84.37 OK
r-devel-linux-x86_64-fedora-clang 0.1.0 137.89 NOTE
r-devel-linux-x86_64-fedora-gcc 0.1.0 128.03 NOTE
r-devel-windows-ix86+x86_64 0.1.0 31.00 116.00 147.00 OK
r-patched-linux-x86_64 0.1.0 8.39 89.63 98.02 OK
r-patched-solaris-x86 0.1.0 196.00 NOTE
r-release-linux-x86_64 0.1.0 10.03 88.24 98.27 OK
r-release-macos-x86_64 0.1.0 NOTE
r-release-windows-ix86+x86_64 0.1.0 29.00 113.00 142.00 OK
r-oldrel-macos-x86_64 0.1.0 NOTE
r-oldrel-windows-ix86+x86_64 0.1.0 19.00 133.00 152.00 OK

Check Details

Version: 0.1.0
Check: dependencies in R code
Result: NOTE
    Namespace in Imports field not imported from: ‘methods’
     All declared Imports should be used.
Flavors: r-devel-linux-x86_64-fedora-clang, r-devel-linux-x86_64-fedora-gcc, r-patched-solaris-x86, r-release-macos-x86_64, r-oldrel-macos-x86_64