CRAN Package Check Results for Package ccTensor

Last updated on 2023-03-28 12:54:36 CEST.

Flavor Version Tinstall Tcheck Ttotal Status Flags
r-devel-linux-x86_64-debian-clang 1.0.2 3.28 42.49 45.77 OK
r-devel-linux-x86_64-debian-gcc 1.0.2 2.59 32.59 35.18 OK
r-devel-linux-x86_64-fedora-clang 1.0.2 58.23 NOTE
r-devel-linux-x86_64-fedora-gcc 1.0.2 55.37 NOTE
r-patched-linux-x86_64 1.0.2 4.18 40.88 45.06 OK
r-release-linux-x86_64 1.0.2 3.84 43.38 47.22 OK
r-release-macos-arm64 1.0.2 23.00 NOTE
r-release-macos-x86_64 1.0.2 41.00 NOTE
r-release-windows-x86_64 1.0.2 10.00 76.00 86.00 OK
r-oldrel-macos-arm64 1.0.2 29.00 NOTE
r-oldrel-macos-x86_64 1.0.2 33.00 NOTE
r-oldrel-windows-ix86+x86_64 1.0.2 10.00 72.00 82.00 OK

Check Details

Version: 1.0.2
Check: dependencies in R code
Result: NOTE
    Namespace in Imports field not imported from: ‘fields’
     All declared Imports should be used.
Flavors: r-devel-linux-x86_64-fedora-clang, r-devel-linux-x86_64-fedora-gcc, r-release-macos-arm64, r-release-macos-x86_64, r-oldrel-macos-arm64, r-oldrel-macos-x86_64