CRAN Package Check Results for Package cbq

Last updated on 2022-05-26 21:50:02 CEST.

Flavor Version Tinstall Tcheck Ttotal Status Flags
r-devel-linux-x86_64-debian-clang 0.2.0.2 1600.17 196.92 1797.09 NOTE
r-devel-linux-x86_64-debian-gcc 0.2.0.2 1653.02 235.33 1888.35 NOTE
r-devel-linux-x86_64-fedora-clang 0.2.0.2 2682.80 NOTE
r-devel-linux-x86_64-fedora-gcc 0.2.0.2 2917.27 NOTE
r-devel-windows-x86_64 0.2.0.2 1018.00 338.00 1356.00 NOTE
r-patched-linux-x86_64 0.2.0.2 1141.94 283.64 1425.58 NOTE
r-release-linux-x86_64 0.2.0.2 1217.85 267.47 1485.32 NOTE
r-release-macos-arm64 0.2.0.2 588.00 NOTE
r-release-macos-x86_64 0.2.0.2 1071.00 NOTE
r-release-windows-x86_64 0.2.0.2 1018.00 324.00 1342.00 NOTE
r-oldrel-macos-arm64 0.2.0.2 712.00 NOTE
r-oldrel-macos-x86_64 0.2.0.2 1255.00 NOTE
r-oldrel-windows-ix86+x86_64 0.2.0.2 3732.00 412.00 4144.00 NOTE

Check Details

Version: 0.2.0.2
Check: LazyData
Result: NOTE
     'LazyData' is specified without a 'data' directory
Flavors: r-devel-linux-x86_64-debian-clang, r-devel-linux-x86_64-debian-gcc, r-devel-linux-x86_64-fedora-clang, r-devel-linux-x86_64-fedora-gcc, r-devel-windows-x86_64, r-patched-linux-x86_64, r-release-linux-x86_64, r-release-macos-arm64, r-release-macos-x86_64, r-release-windows-x86_64, r-oldrel-macos-arm64, r-oldrel-macos-x86_64, r-oldrel-windows-ix86+x86_64

Version: 0.2.0.2
Check: for GNU extensions in Makefiles
Result: NOTE
    GNU make is a SystemRequirements.
Flavors: r-devel-linux-x86_64-debian-clang, r-devel-linux-x86_64-debian-gcc, r-devel-linux-x86_64-fedora-clang, r-devel-linux-x86_64-fedora-gcc, r-devel-windows-x86_64, r-patched-linux-x86_64, r-release-linux-x86_64, r-release-macos-arm64, r-release-macos-x86_64, r-release-windows-x86_64, r-oldrel-macos-arm64, r-oldrel-macos-x86_64, r-oldrel-windows-ix86+x86_64

Version: 0.2.0.2
Check: installed package size
Result: NOTE
     installed size is 137.5Mb
     sub-directories of 1Mb or more:
     libs 137.0Mb
Flavors: r-devel-linux-x86_64-fedora-clang, r-devel-windows-x86_64, r-release-macos-arm64, r-release-macos-x86_64, r-release-windows-x86_64, r-oldrel-macos-arm64, r-oldrel-macos-x86_64, r-oldrel-windows-ix86+x86_64