Last updated on 2025-02-04 03:49:44 CET.
Flavor | Version | Tinstall | Tcheck | Ttotal | Status | Flags |
---|---|---|---|---|---|---|
r-devel-linux-x86_64-debian-clang | 0.2.0 | 1.71 | 16.69 | 18.40 | OK | |
r-devel-linux-x86_64-debian-gcc | 0.2.0 | 1.30 | 14.06 | 15.36 | OK | |
r-devel-linux-x86_64-fedora-clang | 0.2.0 | 30.27 | OK | |||
r-devel-linux-x86_64-fedora-gcc | 0.2.0 | 27.88 | OK | |||
r-devel-windows-x86_64 | 0.2.0 | 3.00 | 39.00 | 42.00 | OK | |
r-patched-linux-x86_64 | 0.2.0 | 1.57 | 15.78 | 17.35 | NOTE | |
r-release-linux-x86_64 | 0.2.0 | 1.46 | 15.74 | 17.20 | NOTE | |
r-release-macos-arm64 | 0.2.0 | 21.00 | NOTE | |||
r-release-macos-x86_64 | 0.2.0 | 23.00 | NOTE | |||
r-release-windows-x86_64 | 0.2.0 | 3.00 | 38.00 | 41.00 | NOTE | |
r-oldrel-macos-arm64 | 0.2.0 | 14.00 | NOTE | |||
r-oldrel-macos-x86_64 | 0.2.0 | 19.00 | NOTE | |||
r-oldrel-windows-x86_64 | 0.2.0 | 3.00 | 36.00 | 39.00 | NOTE |
Version: 0.2.0
Check: LazyData
Result: NOTE
'LazyData' is specified without a 'data' directory
Flavors: r-patched-linux-x86_64, r-release-linux-x86_64, r-release-macos-arm64, r-release-macos-x86_64, r-release-windows-x86_64, r-oldrel-macos-arm64, r-oldrel-macos-x86_64, r-oldrel-windows-x86_64