CRAN Package Check Results for Package causalweight

Last updated on 2024-06-14 02:53:54 CEST.

Flavor Version Tinstall Tcheck Ttotal Status Flags
r-devel-linux-x86_64-debian-clang 1.1.0 19.14 127.81 146.95 OK
r-devel-linux-x86_64-debian-gcc 1.1.0 0.55 1.75 2.30 ERROR
r-devel-linux-x86_64-fedora-clang 1.1.0 176.72 NOTE
r-devel-linux-x86_64-fedora-gcc 1.1.0 168.91 NOTE
r-devel-windows-x86_64 1.1.0 17.00 106.00 123.00 OK
r-patched-linux-x86_64 1.1.0 15.47 122.67 138.14 OK
r-release-linux-x86_64 1.1.0 19.05 117.99 137.04 OK
r-release-macos-arm64 1.1.0 50.00 OK
r-release-macos-x86_64 1.1.0 74.00 OK
r-release-windows-x86_64 1.1.0 18.00 106.00 124.00 OK
r-oldrel-macos-arm64 1.1.0 58.00 OK
r-oldrel-macos-x86_64 1.1.0 104.00 OK
r-oldrel-windows-x86_64 1.1.0 24.00 129.00 153.00 OK

Check Details

Version: 1.1.0
Check: package dependencies
Result: ERROR Packages required but not available: 'hdm', 'fastDummies' See section ‘The DESCRIPTION file’ in the ‘Writing R Extensions’ manual. Flavor: r-devel-linux-x86_64-debian-gcc

Version: 1.1.0
Check: data for non-ASCII characters
Result: NOTE Note: found 1045 marked UTF-8 strings Flavors: r-devel-linux-x86_64-fedora-clang, r-devel-linux-x86_64-fedora-gcc